{"id":1329,"date":"2020-05-28T02:45:31","date_gmt":"2020-05-28T02:45:31","guid":{"rendered":"https:\/\/comcellstore.com\/?post_type=product&#038;p=1329"},"modified":"2025-07-08T14:43:44","modified_gmt":"2025-07-08T14:43:44","slug":"kac-110-cable-retractil-usb-c","status":"publish","type":"product","link":"https:\/\/comcellstore.com\/?product=kac-110-cable-retractil-usb-c","title":{"rendered":"KLIP XTREME<br>KAC-110 Cable retr\u00e1ctil USB-C"},"content":{"rendered":"\t\t<div data-elementor-type=\"wp-post\" data-elementor-id=\"1329\" class=\"elementor elementor-1329\" data-elementor-post-type=\"product\">\n\t\t\t\t\t\t<section class=\"elementor-section elementor-top-section elementor-element elementor-element-1dec9a54 elementor-section-boxed elementor-section-height-default elementor-section-height-default\" data-id=\"1dec9a54\" data-element_type=\"section\">\n\t\t\t\t\t\t<div class=\"elementor-container elementor-column-gap-default\">\n\t\t\t\t\t<div class=\"elementor-column elementor-col-100 elementor-top-column elementor-element elementor-element-31a80ea9\" data-id=\"31a80ea9\" data-element_type=\"column\">\n\t\t\t<div class=\"elementor-widget-wrap elementor-element-populated\">\n\t\t\t\t\t\t<div class=\"elementor-element elementor-element-71eda212 elementor-widget elementor-widget-text-editor\" data-id=\"71eda212\" data-element_type=\"widget\" data-widget_type=\"text-editor.default\">\n\t\t\t\t\t\t\t\t\t<div><i class=\"interna_icon\"><img decoding=\"async\" class=\"\" title=\"Especificaciones t\u00e9cnicas\" src=\"https:\/\/www.klipxtreme.com\/media\/Icon-Technical-specifications-grupo.png\" alt=\"Icono-Especificaciones-t\u00e9cnicas-grupo.png\" width=\"36\" height=\"36\" \/>\u00a0<span class=\"title-specs\">Especificaciones t\u00e9cnicas<\/span><\/i><\/div>\r\n<div>\r\n<ul>\r\n \t<li>Aplicaciones: para dispositivos 95% 5V<\/li>\r\n \t<li>Longitud del cable: 3.2 pies<\/li>\r\n \t<li>Tasa de carga: 2.1A<\/li>\r\n \t<li>Material del conductor: Material de carga: cobre esta\u00f1ado Material de datos: cobre esmaltado<\/li>\r\n \t<li>Tipo de conector: USB tipo C<\/li>\r\n \t<li>Material de contacto: cobre niquelado<\/li>\r\n \t<li>Chaqueta \/ material de construcci\u00f3n: TPE \/ aleaci\u00f3n de aluminio<\/li>\r\n \t<li>N\u00famero de pares: 118<\/li>\r\n \t<li>Di\u00e1metro exterior: 1.96in<\/li>\r\n \t<li>Tipo: cable USB-A a USB tipo C<\/li>\r\n \t<li>Garant\u00eda: limitada por un a\u00f1o<\/li>\r\n \t<li>Peso: 1.69 oz<\/li>\r\n \t<li>Calibrador de alambre (AWG): 28 AWG<\/li>\r\n<\/ul>\r\n<\/div>\t\t\t\t\t\t\t\t<\/div>\n\t\t\t\t<div class=\"elementor-element elementor-element-3099b5c elementor-arrows-position-inside elementor-pagination-position-outside elementor-widget elementor-widget-image-carousel\" data-id=\"3099b5c\" data-element_type=\"widget\" data-settings=\"{&quot;slides_to_show&quot;:&quot;4&quot;,&quot;navigation&quot;:&quot;both&quot;,&quot;autoplay&quot;:&quot;yes&quot;,&quot;pause_on_hover&quot;:&quot;yes&quot;,&quot;pause_on_interaction&quot;:&quot;yes&quot;,&quot;autoplay_speed&quot;:5000,&quot;infinite&quot;:&quot;yes&quot;,&quot;speed&quot;:500}\" data-widget_type=\"image-carousel.default\">\n\t\t\t\t\t\t\t<div class=\"elementor-image-carousel-wrapper swiper\" role=\"region\" aria-roledescription=\"carousel\" aria-label=\"Carrusel de im\u00e1genes\" dir=\"ltr\">\n\t\t\t<div class=\"elementor-image-carousel swiper-wrapper\" aria-live=\"off\">\n\t\t\t\t\t\t\t\t<div class=\"swiper-slide\" role=\"group\" aria-roledescription=\"slide\" aria-label=\"1 de 4\"><figure class=\"swiper-slide-inner\"><img decoding=\"async\" class=\"swiper-slide-image\" src=\"https:\/\/comcellstore.com\/wp-content\/uploads\/2020\/05\/KAC-110-imgico-1-300x300.jpg\" alt=\"KAC-110-imgico-1\" \/><\/figure><\/div><div class=\"swiper-slide\" role=\"group\" aria-roledescription=\"slide\" aria-label=\"2 de 4\"><figure class=\"swiper-slide-inner\"><img decoding=\"async\" class=\"swiper-slide-image\" src=\"https:\/\/comcellstore.com\/wp-content\/uploads\/2020\/05\/KAC-110-imgico-2-300x300.jpg\" alt=\"KAC-110-imgico-2\" \/><\/figure><\/div><div class=\"swiper-slide\" role=\"group\" aria-roledescription=\"slide\" aria-label=\"3 de 4\"><figure class=\"swiper-slide-inner\"><img decoding=\"async\" class=\"swiper-slide-image\" src=\"https:\/\/comcellstore.com\/wp-content\/uploads\/2020\/05\/KAC-110-imgico-3-300x300.jpg\" alt=\"KAC-110-imgico-3\" \/><\/figure><\/div><div class=\"swiper-slide\" role=\"group\" aria-roledescription=\"slide\" aria-label=\"4 de 4\"><figure class=\"swiper-slide-inner\"><img decoding=\"async\" class=\"swiper-slide-image\" src=\"https:\/\/comcellstore.com\/wp-content\/uploads\/2020\/05\/KAC-110-imgico-4-300x300.jpg\" alt=\"KAC-110-imgico-4\" \/><\/figure><\/div>\t\t\t<\/div>\n\t\t\t\t\t\t\t\t\t\t\t\t<div class=\"elementor-swiper-button elementor-swiper-button-prev\" role=\"button\" tabindex=\"0\">\n\t\t\t\t\t\t<svg aria-hidden=\"true\" class=\"e-font-icon-svg e-eicon-chevron-left\" viewBox=\"0 0 1000 1000\" xmlns=\"http:\/\/www.w3.org\/2000\/svg\"><path d=\"M646 125C629 125 613 133 604 142L308 442C296 454 292 471 292 487 292 504 296 521 308 533L604 854C617 867 629 875 646 875 663 875 679 871 692 858 704 846 713 829 713 812 713 796 708 779 692 767L438 487 692 225C700 217 708 204 708 187 708 171 704 154 692 142 675 129 663 125 646 125Z\"><\/path><\/svg>\t\t\t\t\t<\/div>\n\t\t\t\t\t<div class=\"elementor-swiper-button elementor-swiper-button-next\" role=\"button\" tabindex=\"0\">\n\t\t\t\t\t\t<svg aria-hidden=\"true\" class=\"e-font-icon-svg e-eicon-chevron-right\" viewBox=\"0 0 1000 1000\" xmlns=\"http:\/\/www.w3.org\/2000\/svg\"><path d=\"M696 533C708 521 713 504 713 487 713 471 708 454 696 446L400 146C388 133 375 125 354 125 338 125 325 129 313 142 300 154 292 171 292 187 292 204 296 221 308 233L563 492 304 771C292 783 288 800 288 817 288 833 296 850 308 863 321 871 338 875 354 875 371 875 388 867 400 854L696 533Z\"><\/path><\/svg>\t\t\t\t\t<\/div>\n\t\t\t\t\n\t\t\t\t\t\t\t\t\t<div class=\"swiper-pagination\"><\/div>\n\t\t\t\t\t\t\t\t\t<\/div>\n\t\t\t\t\t\t<\/div>\n\t\t\t\t\t<\/div>\n\t\t<\/div>\n\t\t\t\t\t<\/div>\n\t\t<\/section>\n\t\t\t\t<\/div>\n\t\t","protected":false},"excerpt":{"rendered":"<div>\n<h2><span style=\"color: #33cccc;\">Dise\u00f1o elegante y duradero para sus necesidades de carga.<\/span><\/h2>\n<\/div>\n<p>El cable KAC-110 USB-C es un elemento esencial para la transferencia de datos y la carga r\u00e1pida de sus dispositivos, ya sea en casa, en la oficina o mientras viaja.\u00a0Este cable extra durable y plano de 3.2 pies de largo es f\u00e1cilmente retr\u00e1ctil y puede almacenarse sin enredos en su elegante carcasa de metal.\u00a0Conecte su tel\u00e9fono inteligente, tableta o computadora a cualquier puerto USB con este cable funcional que proporciona una velocidad de carga r\u00e1pida de 2.1A.<\/p>\n<ul>\n<li>Cable USB tipo C para transmisi\u00f3n de datos y carga a una velocidad estable y m\u00e1s r\u00e1pida<\/li>\n<li>Cable plano retr\u00e1ctil de 3.2 pies para uso diario en el hogar, la oficina o mientras viaja<\/li>\n<li>Dise\u00f1o innovador y port\u00e1til: gu\u00e1rdelo sin enredos en su conveniente estuche met\u00e1lico<\/li>\n<li>Compatible con todos los dispositivos tipo C<\/li>\n<li>Cuenta con una tasa de carga de 2.1A<\/li>\n<li>El dise\u00f1o de enchufe reversible USB-C permite a los usuarios insertar el conector en cualquier direcci\u00f3n<\/li>\n<li>Todos los conductores electr\u00f3nicos integrados de cobre esta\u00f1ado de alta calidad.<\/li>\n<li>Garant\u00eda limitada de un a\u00f1o.<\/li>\n<\/ul>\n","protected":false},"featured_media":1336,"comment_status":"open","ping_status":"closed","template":"","meta":[],"product_brand":[],"product_cat":[49,51],"product_tag":[],"class_list":{"0":"post-1329","1":"product","2":"type-product","3":"status-publish","4":"has-post-thumbnail","6":"product_cat-accesorios-moviles","7":"product_cat-cables","9":"first","10":"instock","11":"sale","12":"taxable","13":"shipping-taxable","14":"purchasable","15":"product-type-simple"},"_links":{"self":[{"href":"https:\/\/comcellstore.com\/index.php?rest_route=\/wp\/v2\/product\/1329","targetHints":{"allow":["GET"]}}],"collection":[{"href":"https:\/\/comcellstore.com\/index.php?rest_route=\/wp\/v2\/product"}],"about":[{"href":"https:\/\/comcellstore.com\/index.php?rest_route=\/wp\/v2\/types\/product"}],"replies":[{"embeddable":true,"href":"https:\/\/comcellstore.com\/index.php?rest_route=%2Fwp%2Fv2%2Fcomments&post=1329"}],"version-history":[{"count":5,"href":"https:\/\/comcellstore.com\/index.php?rest_route=\/wp\/v2\/product\/1329\/revisions"}],"predecessor-version":[{"id":6084,"href":"https:\/\/comcellstore.com\/index.php?rest_route=\/wp\/v2\/product\/1329\/revisions\/6084"}],"wp:featuredmedia":[{"embeddable":true,"href":"https:\/\/comcellstore.com\/index.php?rest_route=\/wp\/v2\/media\/1336"}],"wp:attachment":[{"href":"https:\/\/comcellstore.com\/index.php?rest_route=%2Fwp%2Fv2%2Fmedia&parent=1329"}],"wp:term":[{"taxonomy":"product_brand","embeddable":true,"href":"https:\/\/comcellstore.com\/index.php?rest_route=%2Fwp%2Fv2%2Fproduct_brand&post=1329"},{"taxonomy":"product_cat","embeddable":true,"href":"https:\/\/comcellstore.com\/index.php?rest_route=%2Fwp%2Fv2%2Fproduct_cat&post=1329"},{"taxonomy":"product_tag","embeddable":true,"href":"https:\/\/comcellstore.com\/index.php?rest_route=%2Fwp%2Fv2%2Fproduct_tag&post=1329"}],"curies":[{"name":"wp","href":"https:\/\/api.w.org\/{rel}","templated":true}]}}