{"id":2347,"date":"2020-06-09T03:06:45","date_gmt":"2020-06-09T03:06:45","guid":{"rendered":"https:\/\/comcellstore.com\/?post_type=product&#038;p=2347"},"modified":"2025-05-27T21:54:51","modified_gmt":"2025-05-27T21:54:51","slug":"kck-265s-inspire","status":"publish","type":"product","link":"https:\/\/comcellstore.com\/?product=kck-265s-inspire","title":{"rendered":"KLIP XTREME<br>KCK-265S Inspire"},"content":{"rendered":"\t\t<div data-elementor-type=\"product-post\" data-elementor-id=\"2347\" class=\"elementor elementor-2347\" data-elementor-post-type=\"product\">\n\t\t\t\t\t\t<section class=\"elementor-section elementor-top-section elementor-element elementor-element-1849c1cd elementor-section-boxed elementor-section-height-default elementor-section-height-default\" data-id=\"1849c1cd\" data-element_type=\"section\">\n\t\t\t\t\t\t<div class=\"elementor-container elementor-column-gap-default\">\n\t\t\t\t\t<div class=\"elementor-column elementor-col-100 elementor-top-column elementor-element elementor-element-4c24ceab\" data-id=\"4c24ceab\" data-element_type=\"column\">\n\t\t\t<div class=\"elementor-widget-wrap elementor-element-populated\">\n\t\t\t\t\t\t<div class=\"elementor-element elementor-element-102a1a69 elementor-widget elementor-widget-text-editor\" data-id=\"102a1a69\" data-element_type=\"widget\" data-widget_type=\"text-editor.default\">\n\t\t\t\t\t\t\t\t\t<div class=\"col-lg-6\">\r\n<div><i class=\"interna_icon\"><img decoding=\"async\" class=\"\" title=\"Especificaciones\" src=\"https:\/\/www.klipxtreme.com\/media\/Icon-Specifications-grupo.png\" alt=\"Icon-Especificaciones-grupo.png\" width=\"36\" height=\"36\" \/>\u00a0<span class=\"title-specs\">Especificaciones<\/span><\/i><\/div>\r\n<div>\r\n<ul>\r\n \t<li>Indicadores: NUM y CAPS Lock \/ Battery<\/li>\r\n \t<li>Interfaz: dongle inal\u00e1mbrico USB<\/li>\r\n \t<li>Botones multimedia: 12 (a trav\u00e9s de la tecla de acceso r\u00e1pido Fn) Reproducir \/ Pausa, Pista anterior, Pista siguiente, Parar, Subir volumen, Bajar volumen, Silencio, Correo electr\u00f3nico, Inicio<\/li>\r\n \t<li>Botones multimedia: Mi computadora, Mis documentos y Mi m\u00fasica<\/li>\r\n \t<li>N\u00famero de controles: 105<\/li>\r\n \t<li>Distancia RF: 33 pies<\/li>\r\n \t<li>RF t\u00e9cnica: 2.4GHz<\/li>\r\n \t<li>Tipo: teclado multimedia y d\u00fao de mouse<\/li>\r\n<\/ul>\r\n<\/div>\r\n<\/div>\r\n<div class=\"col-lg-6\">\r\n<div><i class=\"interna_icon\"><img decoding=\"async\" class=\"\" title=\"Rat\u00f3n\" src=\"https:\/\/www.klipxtreme.com\/media\/Icon-Mouse-grupo.png\" alt=\"Icon-Mouse-grupo.png\" width=\"36\" height=\"36\" \/>\u00a0<span class=\"title-specs\">Rat\u00f3n<\/span><\/i><\/div>\r\n<div>\r\n<ul>\r\n \t<li>Resoluci\u00f3n DPI: 800\/1200\/1600 ppp (ajustable)<\/li>\r\n \t<li>Interfaz: USB<\/li>\r\n \t<li>Distancia RF: 26 pies<\/li>\r\n \t<li>RF t\u00e9cnica: 2.4GHz<\/li>\r\n \t<li>Tecnolog\u00eda: sensor \u00f3ptico<\/li>\r\n \t<li>Tipo: rat\u00f3n \u00f3ptico inal\u00e1mbrico de 3 botones 3D<\/li>\r\n<\/ul>\r\n<\/div>\r\n<\/div>\r\n<div class=\"col-lg-6\">\r\n<div><i class=\"interna_icon\"><img decoding=\"async\" class=\"\" title=\"Informaci\u00f3n Adicional\" src=\"https:\/\/www.klipxtreme.com\/media\/Icon-Additional-information-grupo.png\" alt=\"Icon-Additional-information-grupo.png\" width=\"36\" height=\"36\" \/>\u00a0<span class=\"title-specs\">Informaci\u00f3n Adicional<\/span><\/i><\/div>\r\n<div>\r\n<ul>\r\n \t<li>Dimensiones del teclado: 18\u00d76.9\u00d70.7in<\/li>\r\n \t<li>Dimensiones del mouse: 4.4\u00d72.4\u00d71.5in<\/li>\r\n \t<li>Requisitos: familia de Windows<\/li>\r\n \t<li>Garant\u00eda: limitada por un a\u00f1o<\/li>\r\n \t<li>Peso: 1.3 lb<\/li>\r\n \t<li>Peso: 2.8 oz<\/li>\r\n<\/ul>\r\n<\/div>\r\n<\/div>\t\t\t\t\t\t\t\t<\/div>\n\t\t\t\t<div class=\"elementor-element elementor-element-cffe4ed elementor-arrows-position-inside elementor-pagination-position-outside elementor-widget elementor-widget-image-carousel\" data-id=\"cffe4ed\" data-element_type=\"widget\" data-settings=\"{&quot;slides_to_show&quot;:&quot;4&quot;,&quot;navigation&quot;:&quot;both&quot;,&quot;autoplay&quot;:&quot;yes&quot;,&quot;pause_on_hover&quot;:&quot;yes&quot;,&quot;pause_on_interaction&quot;:&quot;yes&quot;,&quot;autoplay_speed&quot;:5000,&quot;infinite&quot;:&quot;yes&quot;,&quot;speed&quot;:500}\" data-widget_type=\"image-carousel.default\">\n\t\t\t\t\t\t\t<div class=\"elementor-image-carousel-wrapper swiper\" role=\"region\" aria-roledescription=\"carousel\" aria-label=\"Carrusel de im\u00e1genes\" dir=\"ltr\">\n\t\t\t<div class=\"elementor-image-carousel swiper-wrapper\" aria-live=\"off\">\n\t\t\t\t\t\t\t\t<div class=\"swiper-slide\" role=\"group\" aria-roledescription=\"slide\" aria-label=\"1 de 4\"><figure class=\"swiper-slide-inner\"><img decoding=\"async\" class=\"swiper-slide-image\" src=\"https:\/\/comcellstore.com\/wp-content\/uploads\/2020\/06\/KCK-265S-imgico-3-300x300.jpg\" alt=\"KCK-265S-imgico-3\" \/><\/figure><\/div><div class=\"swiper-slide\" role=\"group\" aria-roledescription=\"slide\" aria-label=\"2 de 4\"><figure class=\"swiper-slide-inner\"><img decoding=\"async\" class=\"swiper-slide-image\" src=\"https:\/\/comcellstore.com\/wp-content\/uploads\/2020\/06\/KCK-265S-imgico-1-300x300.jpg\" alt=\"KCK-265S-imgico-1\" \/><\/figure><\/div><div class=\"swiper-slide\" role=\"group\" aria-roledescription=\"slide\" aria-label=\"3 de 4\"><figure class=\"swiper-slide-inner\"><img decoding=\"async\" class=\"swiper-slide-image\" src=\"https:\/\/comcellstore.com\/wp-content\/uploads\/2020\/06\/KCK-265S-imgico-2-300x300.jpg\" alt=\"KCK-265S-imgico-2\" \/><\/figure><\/div><div class=\"swiper-slide\" role=\"group\" aria-roledescription=\"slide\" aria-label=\"4 de 4\"><figure class=\"swiper-slide-inner\"><img decoding=\"async\" class=\"swiper-slide-image\" src=\"https:\/\/comcellstore.com\/wp-content\/uploads\/2020\/06\/KCK-265S-imgico-4-300x300.jpg\" alt=\"KCK-265S-imgico-4\" \/><\/figure><\/div>\t\t\t<\/div>\n\t\t\t\t\t\t\t\t\t\t\t\t<div class=\"elementor-swiper-button elementor-swiper-button-prev\" role=\"button\" tabindex=\"0\">\n\t\t\t\t\t\t<svg aria-hidden=\"true\" class=\"e-font-icon-svg e-eicon-chevron-left\" viewBox=\"0 0 1000 1000\" xmlns=\"http:\/\/www.w3.org\/2000\/svg\"><path d=\"M646 125C629 125 613 133 604 142L308 442C296 454 292 471 292 487 292 504 296 521 308 533L604 854C617 867 629 875 646 875 663 875 679 871 692 858 704 846 713 829 713 812 713 796 708 779 692 767L438 487 692 225C700 217 708 204 708 187 708 171 704 154 692 142 675 129 663 125 646 125Z\"><\/path><\/svg>\t\t\t\t\t<\/div>\n\t\t\t\t\t<div class=\"elementor-swiper-button elementor-swiper-button-next\" role=\"button\" tabindex=\"0\">\n\t\t\t\t\t\t<svg aria-hidden=\"true\" class=\"e-font-icon-svg e-eicon-chevron-right\" viewBox=\"0 0 1000 1000\" xmlns=\"http:\/\/www.w3.org\/2000\/svg\"><path d=\"M696 533C708 521 713 504 713 487 713 471 708 454 696 446L400 146C388 133 375 125 354 125 338 125 325 129 313 142 300 154 292 171 292 187 292 204 296 221 308 233L563 492 304 771C292 783 288 800 288 817 288 833 296 850 308 863 321 871 338 875 354 875 371 875 388 867 400 854L696 533Z\"><\/path><\/svg>\t\t\t\t\t<\/div>\n\t\t\t\t\n\t\t\t\t\t\t\t\t\t<div class=\"swiper-pagination\"><\/div>\n\t\t\t\t\t\t\t\t\t<\/div>\n\t\t\t\t\t\t<\/div>\n\t\t\t\t\t<\/div>\n\t\t<\/div>\n\t\t\t\t\t<\/div>\n\t\t<\/section>\n\t\t\t\t<\/div>\n\t\t","protected":false},"excerpt":{"rendered":"<div>\n<h2><span style=\"color: #33cccc;\">Complemente de manera inteligente su estilo de vida digital<\/span><\/h2>\n<\/div>\n<p>Este elegante d\u00fao ultra delgado de teclado y mouse combina a la perfecci\u00f3n la libertad inal\u00e1mbrica con la \u00faltima tecnolog\u00eda inal\u00e1mbrica.\u00a0La m\u00e1xima conectividad se logra a trav\u00e9s de su dongle ultracompacto de 2.4 GHz que pr\u00e1cticamente no tiene retraso ni interferencia.\u00a0El teclado multimedia presenta controles altamente receptivos, junto con 12 teclas de funci\u00f3n especiales, para acceder con un solo toque a pel\u00edculas, m\u00fasica, presentaciones de diapositivas, juegos o Internet.\u00a0El mouse complementario, armado con un sensor de alta definici\u00f3n, ofrece un seguimiento perfecto en pr\u00e1cticamente cualquier superficie.\u00a0El dise\u00f1o ambidiestro del mouse le permite usarlo en cualquier mano, mientras que su funci\u00f3n inteligente de ahorro de energ\u00eda extiende enormemente la vida \u00fatil de la bater\u00eda.\u00a0Excelentes caracter\u00edsticas, estilo y rendimiento se unen en este d\u00fao de escritorio completamente funcional.<\/p>\n<ul>\n<li>Dise\u00f1o de bajo perfil para una superficie de escritorio despejada.\u00a0Teclas de acceso r\u00e1pido para acceso instant\u00e1neo a la web y al correo electr\u00f3nico<\/li>\n<li>Se puede acceder a funciones multimedia alternativas a trav\u00e9s de la tecla Fn<\/li>\n<li>El dise\u00f1o a prueba de agua protege el teclado de derrames accidentales<\/li>\n<li>El dise\u00f1o ambidiestro le permite usar el mouse c\u00f3modamente en cualquier mano<\/li>\n<li>Rueda de desplazamiento ergon\u00f3mica para un mejor control de navegaci\u00f3n.<\/li>\n<\/ul>\n","protected":false},"featured_media":2348,"comment_status":"open","ping_status":"closed","template":"","meta":[],"product_brand":[],"product_cat":[56,66],"product_tag":[],"class_list":{"0":"post-2347","1":"product","2":"type-product","3":"status-publish","4":"has-post-thumbnail","6":"product_cat-auriculares-mouse-teclados","7":"product_cat-teclados-pc","9":"first","10":"instock","11":"sale","12":"taxable","13":"shipping-taxable","14":"purchasable","15":"product-type-simple"},"_links":{"self":[{"href":"https:\/\/comcellstore.com\/index.php?rest_route=\/wp\/v2\/product\/2347","targetHints":{"allow":["GET"]}}],"collection":[{"href":"https:\/\/comcellstore.com\/index.php?rest_route=\/wp\/v2\/product"}],"about":[{"href":"https:\/\/comcellstore.com\/index.php?rest_route=\/wp\/v2\/types\/product"}],"replies":[{"embeddable":true,"href":"https:\/\/comcellstore.com\/index.php?rest_route=%2Fwp%2Fv2%2Fcomments&post=2347"}],"version-history":[{"count":5,"href":"https:\/\/comcellstore.com\/index.php?rest_route=\/wp\/v2\/product\/2347\/revisions"}],"predecessor-version":[{"id":6146,"href":"https:\/\/comcellstore.com\/index.php?rest_route=\/wp\/v2\/product\/2347\/revisions\/6146"}],"wp:featuredmedia":[{"embeddable":true,"href":"https:\/\/comcellstore.com\/index.php?rest_route=\/wp\/v2\/media\/2348"}],"wp:attachment":[{"href":"https:\/\/comcellstore.com\/index.php?rest_route=%2Fwp%2Fv2%2Fmedia&parent=2347"}],"wp:term":[{"taxonomy":"product_brand","embeddable":true,"href":"https:\/\/comcellstore.com\/index.php?rest_route=%2Fwp%2Fv2%2Fproduct_brand&post=2347"},{"taxonomy":"product_cat","embeddable":true,"href":"https:\/\/comcellstore.com\/index.php?rest_route=%2Fwp%2Fv2%2Fproduct_cat&post=2347"},{"taxonomy":"product_tag","embeddable":true,"href":"https:\/\/comcellstore.com\/index.php?rest_route=%2Fwp%2Fv2%2Fproduct_tag&post=2347"}],"curies":[{"name":"wp","href":"https:\/\/api.w.org\/{rel}","templated":true}]}}