{"id":2815,"date":"2020-07-06T01:22:42","date_gmt":"2020-07-06T01:22:42","guid":{"rendered":"https:\/\/comcellstore.com\/?post_type=product&#038;p=2815"},"modified":"2025-07-08T16:04:43","modified_gmt":"2025-07-08T16:04:43","slug":"xpy1200","status":"publish","type":"product","link":"https:\/\/comcellstore.com\/?product=xpy1200","title":{"rendered":"NEXXT<br>XPY1200"},"content":{"rendered":"<h3 class=\"product-title entry-title\"><span style=\"color: #33cccc;\">C\u00e1mara IP inal\u00e1mbrica 720p micr\u00f3fono<\/span><\/h3>\n<p>La Xpy1200 viene con un sensor de imagen CMOS de \u00bc de pulgada y un lente fijo de 2,8mm. El conjunto de 11 luces LED infrarrojas permiten la n\u00edtida visualizaci\u00f3n en plena oscuridad durante las horas de la noche, hasta10m de distancia del objetivo. Los videos grabados y la reproducci\u00f3n de archivos pueden ser colocados en un servidor FTP o una carpeta de la red local. El micr\u00f3fono y el parlante integrados permiten la comunicaci\u00f3n bidireccional.<\/p>\n","protected":false},"excerpt":{"rendered":"<ul>\n<li>C\u00e1mara IP inal\u00e1mbrica de alta definici\u00f3n<\/li>\n<li>720p \/ 1,0MP<\/li>\n<li>Conexi\u00f3n inal\u00e1mbrica IEEE 802.11n<\/li>\n<li>Compresi\u00f3n de video H.264<\/li>\n<li>Luces LED infrarrojas para visi\u00f3n nocturna<\/li>\n<li>Comunicaci\u00f3n bidireccional<\/li>\n<li>Micr\u00f3fono y parlante incorporados<\/li>\n<li>Admite conexi\u00f3n entre pares P2P<\/li>\n<li>Configuraci\u00f3n de \u00e1reas de privacidad<\/li>\n<li>Notificaci\u00f3n por detecci\u00f3n de movimiento v\u00eda correo electr\u00f3nico<\/li>\n<li>DDNS integrado<\/li>\n<li>Incluye software para administraci\u00f3n de video<\/li>\n<li>WPS \u2013 conexi\u00f3n segura por medio de un bot\u00f3n<\/li>\n<li>Programaci\u00f3n f\u00e1cil mediante c\u00f3di<\/li>\n<\/ul>\n","protected":false},"featured_media":2816,"comment_status":"open","ping_status":"closed","template":"","meta":[],"product_brand":[],"product_cat":[104,54],"product_tag":[],"class_list":{"0":"post-2815","1":"product","2":"type-product","3":"status-publish","4":"has-post-thumbnail","6":"product_cat-camaras-de-seguridad","7":"product_cat-routers-switch-repetidor-universal-adaptadores","9":"first","10":"instock","11":"sale","12":"taxable","13":"shipping-taxable","14":"purchasable","15":"product-type-simple"},"_links":{"self":[{"href":"https:\/\/comcellstore.com\/index.php?rest_route=\/wp\/v2\/product\/2815","targetHints":{"allow":["GET"]}}],"collection":[{"href":"https:\/\/comcellstore.com\/index.php?rest_route=\/wp\/v2\/product"}],"about":[{"href":"https:\/\/comcellstore.com\/index.php?rest_route=\/wp\/v2\/types\/product"}],"replies":[{"embeddable":true,"href":"https:\/\/comcellstore.com\/index.php?rest_route=%2Fwp%2Fv2%2Fcomments&post=2815"}],"version-history":[{"count":3,"href":"https:\/\/comcellstore.com\/index.php?rest_route=\/wp\/v2\/product\/2815\/revisions"}],"predecessor-version":[{"id":6183,"href":"https:\/\/comcellstore.com\/index.php?rest_route=\/wp\/v2\/product\/2815\/revisions\/6183"}],"wp:featuredmedia":[{"embeddable":true,"href":"https:\/\/comcellstore.com\/index.php?rest_route=\/wp\/v2\/media\/2816"}],"wp:attachment":[{"href":"https:\/\/comcellstore.com\/index.php?rest_route=%2Fwp%2Fv2%2Fmedia&parent=2815"}],"wp:term":[{"taxonomy":"product_brand","embeddable":true,"href":"https:\/\/comcellstore.com\/index.php?rest_route=%2Fwp%2Fv2%2Fproduct_brand&post=2815"},{"taxonomy":"product_cat","embeddable":true,"href":"https:\/\/comcellstore.com\/index.php?rest_route=%2Fwp%2Fv2%2Fproduct_cat&post=2815"},{"taxonomy":"product_tag","embeddable":true,"href":"https:\/\/comcellstore.com\/index.php?rest_route=%2Fwp%2Fv2%2Fproduct_tag&post=2815"}],"curies":[{"name":"wp","href":"https:\/\/api.w.org\/{rel}","templated":true}]}}