{"id":2826,"date":"2020-07-06T01:39:11","date_gmt":"2020-07-06T01:39:11","guid":{"rendered":"https:\/\/comcellstore.com\/?post_type=product&#038;p=2826"},"modified":"2025-05-27T21:38:16","modified_gmt":"2025-05-27T21:38:16","slug":"linksys-velop-wifi-ac2600","status":"publish","type":"product","link":"https:\/\/comcellstore.com\/?product=linksys-velop-wifi-ac2600","title":{"rendered":"LINKSYS<br>Velop WiFi (AC2600)"},"content":{"rendered":"<div class=\"col-sm-6\">\n<ul class=\"specs-list-model\">\n<li><strong>Tecnolog\u00eda Wi-Fi:<\/strong><br \/>\nDoble banda AC1300 (867 + 400 Mbps)\u2021 con MU-MIMO y 256 QAM<\/li>\n<li><strong>Funciones destacadas:<\/strong>\n<ul>\n<li>Sistema WiFi en malla de doble banda<\/li>\n<li>Aplicaci\u00f3n de controles sencillos<\/li>\n<li>Tecnolog\u00eda Intelligent MeshTM \u2013 Organizaci\u00f3n, optimizaci\u00f3n y correcci\u00f3n autom\u00e1ticas<\/li>\n<li>Una red Wi-Fi<\/li>\n<li>Actualizaciones autom\u00e1ticas del firmware<\/li>\n<li>Controles parentales<\/li>\n<li>Acceso de usuarios invitados<\/li>\n<li>Puertos WAN\/LAN de detecci\u00f3n autom\u00e1tica<\/li>\n<li>Red de retorno inal\u00e1mbrica\/por cable<\/li>\n<li>Sistema Wi-Fi en malla con modos PA\/Puente<\/li>\n<li>Spot Finder: durante la instalaci\u00f3n y posteriormente el sistema en malla hace uso de la potencia de se\u00f1al, el rendimiento y la latencia para determinar el emplazamiento m\u00e1s ideal para los nodos.<\/li>\n<li>Canal Wi-Fi autom\u00e1tico<\/li>\n<li>Bluetooth 4.1 integrado<\/li>\n<li>Admite prueba de velocidad<\/li>\n<li>Compatibilidad con Amazon Alexa<\/li>\n<li>3 a\u00f1os de garant\u00eda y servicio t\u00e9cnico<\/li>\n<li>WiFi continua y sin interrupciones<\/li>\n<\/ul>\n<\/li>\n<li><strong>Est\u00e1ndares de red:<\/strong>\n<ul>\n<li>802.11b<\/li>\n<li>802.11a<\/li>\n<li>802.11g<\/li>\n<li>802.11n<\/li>\n<li>802.11ac<\/li>\n<\/ul>\n<\/li>\n<li><strong>Velocidad Wi-Fi:<\/strong><br \/>\nAC1300 (867 + 400 Mbps)<\/li>\n<li><strong>Bandas Wi-Fi:<\/strong><br \/>\n2,4 GHz + 5 GHz<\/li>\n<li><strong>Alcance Wi-Fi:<\/strong><br \/>\nCubre hogares con: hasta 3 dormitorios<\/li>\n<li><strong>N\u00famero de puertos Ethernet:<\/strong><br \/>\n2 puertos Gigabit Ethernet de detecci\u00f3n autom\u00e1tica WAN\/LAN<\/li>\n<li><strong>Otros puertos:<\/strong>\n<ul>\n<li>Adaptador de energ\u00eda<\/li>\n<li>Interruptor de energ\u00eda<\/li>\n<li>Bot\u00f3n de Reinicio<\/li>\n<\/ul>\n<\/li>\n<li><strong>Antenas:<\/strong><br \/>\n3 antenas internas y amplificadores de alta potencia<\/li>\n<li><strong>Procesador:<\/strong><br \/>\nN\u00facleo Quad a 716 MHz<\/li>\n<li><strong>Memoria:<\/strong><br \/>\n256 MB de Flash NAND y 256 MB de DDR3<\/li>\n<\/ul>\n<\/div>\n<div class=\"col-sm-6\">\n<ul class=\"specs-list-model\">\n<li><strong>Indicadores LED:<\/strong><br \/>\nIndicador con un LED<\/li>\n<li><strong>Encriptaci\u00f3n inal\u00e1mbrica:<\/strong><br \/>\nWPA2 personal<\/li>\n<li><strong>Modos de funcionamiento:<\/strong>\n<ul>\n<li>Router inal\u00e1mbrico<\/li>\n<li>Puente<\/li>\n<li>Puente de conexi\u00f3n inal\u00e1mbrica<\/li>\n<\/ul>\n<\/li>\n<li><strong>Instalaci\u00f3n f\u00e1cil:<\/strong>\n<ul>\n<li>Instalaci\u00f3n sencilla y segura por aplicaci\u00f3n<\/li>\n<li>Requerido para la instalaci\u00f3n: (1) Conexi\u00f3n a internet con un m\u00f3dem. (2) Dispositivo m\u00f3vil con Android 4.1 o iOS 9 y posterior, preferiblemente por Bluetooth.<\/li>\n<\/ul>\n<\/li>\n<li><strong>Requisitos m\u00ednimos del sistema:<\/strong><br \/>\nRequired for set-up \u2013 Simple and secured App based set-up: Mobile devices with Android 4.1 or iOS 8 and higher<\/li>\n<li><strong>Dimensiones (L x A x A):<\/strong><br \/>\n78 mm x 78 mm x 141 mm por nodo<\/li>\n<li><strong>Peso:<\/strong><br \/>\n1,45 kg<\/li>\n<li><strong>Funciones de seguridad:<\/strong><br \/>\nWPA2 personal<\/li>\n<li><strong>Conformidad con las normativas:<\/strong><br \/>\nFCC Clase B<\/li>\n<li><strong>Informaci\u00f3n adicional:<\/strong><br \/>\nBluetooth 4.0\/LE para una instalaci\u00f3n por aplicaci\u00f3n segura y f\u00e1cil<\/li>\n<li><strong>Fuente de alimentaci\u00f3n:<\/strong><\/li>\n<\/ul>\n<\/div>\n","protected":false},"excerpt":{"rendered":"<h5 class=\"product_title entry-title\"><span style=\"color: #33cccc;\">Sistema Linksys Velop WiFi Intelligent Mesh de doble banda (AC2600), paquete de 2 nodos<\/span><\/h5>\n<div class=\"woocommerce-product-details__short-description\">\n<p>Velop con tecnolog\u00eda inteligente Mesh el cual es un sistema Wifii Mesh domestico dise\u00f1ado para crear una experiencia Wifi potente y sin interrupciones ni deterioros de la se\u00f1al.<\/p>\n<ul>\n<li>Compatible con todos los proveedores de servicios de internet.<\/li>\n<li>Dise\u00f1ado para integrarse en cualquier entorno.<\/li>\n<li>Se instala en cuesti\u00f3n de minutos con la aplicaci\u00f3n de Linksys.<\/li>\n<\/ul>\n[video width=\"1436\" height=\"690\" webm=\"https:\/\/comcellstore.com\/wp-content\/uploads\/2020\/07\/floor_plan_cropped.webm\"][\/video]\n<p>&nbsp;<\/p>\n<\/div>\n","protected":false},"featured_media":2827,"comment_status":"open","ping_status":"closed","template":"","meta":[],"product_brand":[129],"product_cat":[54,72],"product_tag":[],"class_list":{"0":"post-2826","1":"product","2":"type-product","3":"status-publish","4":"has-post-thumbnail","6":"product_brand-linksys","7":"product_cat-routers-switch-repetidor-universal-adaptadores","8":"product_cat-mesh","10":"first","11":"instock","12":"taxable","13":"shipping-taxable","14":"purchasable","15":"product-type-simple"},"_links":{"self":[{"href":"https:\/\/comcellstore.com\/index.php?rest_route=\/wp\/v2\/product\/2826","targetHints":{"allow":["GET"]}}],"collection":[{"href":"https:\/\/comcellstore.com\/index.php?rest_route=\/wp\/v2\/product"}],"about":[{"href":"https:\/\/comcellstore.com\/index.php?rest_route=\/wp\/v2\/types\/product"}],"replies":[{"embeddable":true,"href":"https:\/\/comcellstore.com\/index.php?rest_route=%2Fwp%2Fv2%2Fcomments&post=2826"}],"version-history":[{"count":5,"href":"https:\/\/comcellstore.com\/index.php?rest_route=\/wp\/v2\/product\/2826\/revisions"}],"predecessor-version":[{"id":10069,"href":"https:\/\/comcellstore.com\/index.php?rest_route=\/wp\/v2\/product\/2826\/revisions\/10069"}],"wp:featuredmedia":[{"embeddable":true,"href":"https:\/\/comcellstore.com\/index.php?rest_route=\/wp\/v2\/media\/2827"}],"wp:attachment":[{"href":"https:\/\/comcellstore.com\/index.php?rest_route=%2Fwp%2Fv2%2Fmedia&parent=2826"}],"wp:term":[{"taxonomy":"product_brand","embeddable":true,"href":"https:\/\/comcellstore.com\/index.php?rest_route=%2Fwp%2Fv2%2Fproduct_brand&post=2826"},{"taxonomy":"product_cat","embeddable":true,"href":"https:\/\/comcellstore.com\/index.php?rest_route=%2Fwp%2Fv2%2Fproduct_cat&post=2826"},{"taxonomy":"product_tag","embeddable":true,"href":"https:\/\/comcellstore.com\/index.php?rest_route=%2Fwp%2Fv2%2Fproduct_tag&post=2826"}],"curies":[{"name":"wp","href":"https:\/\/api.w.org\/{rel}","templated":true}]}}