{"id":3569,"date":"2020-07-13T21:30:35","date_gmt":"2020-07-13T21:30:35","guid":{"rendered":"https:\/\/comcellstore.com\/?post_type=product&#038;p=3569"},"modified":"2025-07-08T15:49:16","modified_gmt":"2025-07-08T15:49:16","slug":"xtech-xta-200","status":"publish","type":"product","link":"https:\/\/comcellstore.com\/?product=xtech-xta-200","title":{"rendered":"XTECH<br>XTA-200"},"content":{"rendered":"\t\t<div data-elementor-type=\"product-post\" data-elementor-id=\"3569\" class=\"elementor elementor-3569\" data-elementor-post-type=\"product\">\n\t\t\t\t\t\t<section class=\"elementor-section elementor-top-section elementor-element elementor-element-696fe35c elementor-section-boxed elementor-section-height-default elementor-section-height-default\" data-id=\"696fe35c\" data-element_type=\"section\" data-e-type=\"section\">\n\t\t\t\t\t\t<div class=\"elementor-container elementor-column-gap-default\">\n\t\t\t\t\t<div class=\"elementor-column elementor-col-100 elementor-top-column elementor-element elementor-element-2f680fc0\" data-id=\"2f680fc0\" data-element_type=\"column\" data-e-type=\"column\">\n\t\t\t<div class=\"elementor-widget-wrap elementor-element-populated\">\n\t\t\t\t\t\t<div class=\"elementor-element elementor-element-4a00311 animated-slow elementor-invisible elementor-widget elementor-widget-image\" data-id=\"4a00311\" data-element_type=\"widget\" data-e-type=\"widget\" data-settings=\"{&quot;_animation&quot;:&quot;zoomInLeft&quot;}\" data-widget_type=\"image.default\">\n\t\t\t\t\t\t\t\t\t\t\t\t\t\t\t<img fetchpriority=\"high\" decoding=\"async\" width=\"1440\" height=\"500\" src=\"https:\/\/comcellstore.com\/wp-content\/uploads\/2020\/07\/Banner_Producto_XTA-200.jpg\" class=\"attachment-2048x2048 size-2048x2048 wp-image-3570\" alt=\"\" srcset=\"https:\/\/comcellstore.com\/wp-content\/uploads\/2020\/07\/Banner_Producto_XTA-200.jpg 1440w, https:\/\/comcellstore.com\/wp-content\/uploads\/2020\/07\/Banner_Producto_XTA-200-600x208.jpg 600w, https:\/\/comcellstore.com\/wp-content\/uploads\/2020\/07\/Banner_Producto_XTA-200-300x104.jpg 300w, https:\/\/comcellstore.com\/wp-content\/uploads\/2020\/07\/Banner_Producto_XTA-200-1024x356.jpg 1024w, https:\/\/comcellstore.com\/wp-content\/uploads\/2020\/07\/Banner_Producto_XTA-200-768x267.jpg 768w\" sizes=\"(max-width: 1440px) 100vw, 1440px\" \/>\t\t\t\t\t\t\t\t\t\t\t\t\t\t\t<\/div>\n\t\t\t\t<div class=\"elementor-element elementor-element-2469c9cf elementor-widget elementor-widget-text-editor\" data-id=\"2469c9cf\" data-element_type=\"widget\" data-e-type=\"widget\" data-widget_type=\"text-editor.default\">\n\t\t\t\t\t\t\t\t\t<div>\r\n<ul>\r\n \t<li>7 colores para elegir: siete colores predeterminados y dos modos de iluminaci\u00f3n din\u00e1micos \u2013 c\u00edclico y con efecto arcoiris<\/li>\r\n \t<li>Bot\u00f3n t\u00e1ctil que permite alternar f\u00e1cilmente entre los diferentes efectos de iluminaci\u00f3n<\/li>\r\n \t<li>Configuraci\u00f3n autom\u00e1tica plug and play<\/li>\r\n \t<li>Cable micro USB trenzado antienredos de 1,8 metros<\/li>\r\n<\/ul>\r\n<\/div>\r\n<div>\r\n<h3>Especificaciones<\/h3>\r\n<ul>\r\n \t<li><b>Tipo de producto:\u00a0<\/b>Suave alfombrilla para mouse con iluminaci\u00f3n LED<\/li>\r\n \t<li><b>Material:\u00a0<\/b>Superficie: tela de poli\u00e9ster Base: goma natural<\/li>\r\n \t<li><b>Alimentaci\u00f3n:\u00a0<\/b>Cable USB Tipo A a micro USB<\/li>\r\n \t<li><b>Color:\u00a0<\/b>Negro<\/li>\r\n \t<li><b>Dimensiones:\u00a0<\/b>35,3\u00d726,4\u00d70,3cm<\/li>\r\n \t<li><b>Peso:\u00a0<\/b>170g (sin el cable)<\/li>\r\n \t<li><b>Longitud del cable:\u00a0<\/b>1,8m<\/li>\r\n \t<li><b>Efectos de iluminaci\u00f3n:<\/b>\u00a0Colores: rojo, verde, azul, morado, azul claro, amarillo y blanco Modo c\u00edclico Modo continuado<\/li>\r\n \t<li><b>Garant\u00eda:\u00a0<\/b>Un a\u00f1o<\/li>\r\n<\/ul>\r\nGu\u00eda r\u00e1pida del usuario:\r\n\r\n<\/div>\r\n<div>1. Para encender conecta la alfombrilla a tu PC o computador port\u00e1til por medio del puerto micro USB integrado a la unidad.\r\nCable micro USB trenzado antienredos de 1,8 metros<\/div>\r\n<div>2. Oprime el bot\u00f3n t\u00e1ctil para alternar entre las nueve configuraciones de colores diferentes.\r\n3. Elije entre una gama de siete colores como rojo, verde, azul, morado, azul claro, amarillo y blanco, o divi\u00e9rtete alternando entre los dos modos de iluminaci\u00f3n din\u00e1micos \u2013 c\u00edclico y con efecto arcoiris.<\/div>\t\t\t\t\t\t\t\t<\/div>\n\t\t\t\t<div class=\"elementor-element elementor-element-6ef5c9b animated-slow elementor-arrows-position-inside elementor-pagination-position-outside elementor-invisible elementor-widget elementor-widget-image-carousel\" data-id=\"6ef5c9b\" data-element_type=\"widget\" data-e-type=\"widget\" data-settings=\"{&quot;slides_to_show&quot;:&quot;3&quot;,&quot;_animation&quot;:&quot;bounce&quot;,&quot;navigation&quot;:&quot;both&quot;,&quot;autoplay&quot;:&quot;yes&quot;,&quot;pause_on_hover&quot;:&quot;yes&quot;,&quot;pause_on_interaction&quot;:&quot;yes&quot;,&quot;autoplay_speed&quot;:5000,&quot;infinite&quot;:&quot;yes&quot;,&quot;speed&quot;:500}\" data-widget_type=\"image-carousel.default\">\n\t\t\t\t\t\t\t<div class=\"elementor-image-carousel-wrapper swiper\" role=\"region\" aria-roledescription=\"carousel\" aria-label=\"Carrusel de im\u00e1genes\" dir=\"ltr\">\n\t\t\t<div class=\"elementor-image-carousel swiper-wrapper\" aria-live=\"off\">\n\t\t\t\t\t\t\t\t<div class=\"swiper-slide\" role=\"group\" aria-roledescription=\"slide\" aria-label=\"1 de 3\"><figure class=\"swiper-slide-inner\"><img decoding=\"async\" class=\"swiper-slide-image\" src=\"https:\/\/comcellstore.com\/wp-content\/uploads\/2020\/07\/XTA-200-00104-300x300.jpg\" alt=\"XTA-200-00104\" \/><\/figure><\/div><div class=\"swiper-slide\" role=\"group\" aria-roledescription=\"slide\" aria-label=\"2 de 3\"><figure class=\"swiper-slide-inner\"><img decoding=\"async\" class=\"swiper-slide-image\" src=\"https:\/\/comcellstore.com\/wp-content\/uploads\/2020\/07\/XTA-200-00102-300x300.jpg\" alt=\"XTA-200-00102\" \/><\/figure><\/div><div class=\"swiper-slide\" role=\"group\" aria-roledescription=\"slide\" aria-label=\"3 de 3\"><figure class=\"swiper-slide-inner\"><img decoding=\"async\" class=\"swiper-slide-image\" src=\"https:\/\/comcellstore.com\/wp-content\/uploads\/2020\/07\/XTA-200-00101-300x300.jpg\" alt=\"XTA-200-00101\" \/><\/figure><\/div>\t\t\t<\/div>\n\t\t\t\t\t\t\t\t\t\t\t\t<div class=\"elementor-swiper-button elementor-swiper-button-prev\" role=\"button\" tabindex=\"0\">\n\t\t\t\t\t\t<svg aria-hidden=\"true\" class=\"e-font-icon-svg e-eicon-chevron-left\" viewBox=\"0 0 1000 1000\" xmlns=\"http:\/\/www.w3.org\/2000\/svg\"><path d=\"M646 125C629 125 613 133 604 142L308 442C296 454 292 471 292 487 292 504 296 521 308 533L604 854C617 867 629 875 646 875 663 875 679 871 692 858 704 846 713 829 713 812 713 796 708 779 692 767L438 487 692 225C700 217 708 204 708 187 708 171 704 154 692 142 675 129 663 125 646 125Z\"><\/path><\/svg>\t\t\t\t\t<\/div>\n\t\t\t\t\t<div class=\"elementor-swiper-button elementor-swiper-button-next\" role=\"button\" tabindex=\"0\">\n\t\t\t\t\t\t<svg aria-hidden=\"true\" class=\"e-font-icon-svg e-eicon-chevron-right\" viewBox=\"0 0 1000 1000\" xmlns=\"http:\/\/www.w3.org\/2000\/svg\"><path d=\"M696 533C708 521 713 504 713 487 713 471 708 454 696 446L400 146C388 133 375 125 354 125 338 125 325 129 313 142 300 154 292 171 292 187 292 204 296 221 308 233L563 492 304 771C292 783 288 800 288 817 288 833 296 850 308 863 321 871 338 875 354 875 371 875 388 867 400 854L696 533Z\"><\/path><\/svg>\t\t\t\t\t<\/div>\n\t\t\t\t\n\t\t\t\t\t\t\t\t\t<div class=\"swiper-pagination\"><\/div>\n\t\t\t\t\t\t\t\t\t<\/div>\n\t\t\t\t\t\t<\/div>\n\t\t\t\t\t<\/div>\n\t\t<\/div>\n\t\t\t\t\t<\/div>\n\t\t<\/section>\n\t\t\t\t<\/div>\n\t\t","protected":false},"excerpt":{"rendered":"<h3 class=\"subtitle prod-title cc_cursor\"><span style=\"color: #33cccc;\">Mantra | Alfombrilla de tela para mouse con iluminaci\u00f3n LED de 7 colores para videojuegos<\/span><\/h3>\n<ul class=\"prod-info-list ulReset\">\n<li class=\"prod-info-item\"><b class=\"prod-info-label\">Material :<\/b>\u00a0<span class=\"prod-info-stat cc_cursor\">Superficie: tela de poli\u00e9ster, Base: goma natural<\/span><\/li>\n<li class=\"prod-info-item cc_cursor\"><b class=\"prod-info-label cc_cursor\">Color:<\/b>\u00a0<span class=\"prod-info-stat\">Negro con luces de 7 colores<\/span><\/li>\n<li class=\"prod-info-item\"><b class=\"prod-info-label\">Tama\u00f1o del producto (cm) :<\/b>\u00a0<span class=\"prod-info-stat\">35,3\u00d726,4\u00d70,3cm<\/span><\/li>\n<\/ul>\n","protected":false},"featured_media":3571,"comment_status":"open","ping_status":"closed","template":"","meta":[],"product_brand":[],"product_cat":[76,57],"product_tag":[],"class_list":{"0":"post-3569","1":"product","2":"type-product","3":"status-publish","4":"has-post-thumbnail","6":"product_cat-accesorios-gaming","7":"product_cat-auricularesteclados-mecanicos-ratones","9":"first","10":"instock","11":"sale","12":"taxable","13":"shipping-taxable","14":"purchasable","15":"product-type-simple"},"_links":{"self":[{"href":"https:\/\/comcellstore.com\/index.php?rest_route=\/wp\/v2\/product\/3569","targetHints":{"allow":["GET"]}}],"collection":[{"href":"https:\/\/comcellstore.com\/index.php?rest_route=\/wp\/v2\/product"}],"about":[{"href":"https:\/\/comcellstore.com\/index.php?rest_route=\/wp\/v2\/types\/product"}],"replies":[{"embeddable":true,"href":"https:\/\/comcellstore.com\/index.php?rest_route=%2Fwp%2Fv2%2Fcomments&post=3569"}],"version-history":[{"count":3,"href":"https:\/\/comcellstore.com\/index.php?rest_route=\/wp\/v2\/product\/3569\/revisions"}],"predecessor-version":[{"id":6200,"href":"https:\/\/comcellstore.com\/index.php?rest_route=\/wp\/v2\/product\/3569\/revisions\/6200"}],"wp:featuredmedia":[{"embeddable":true,"href":"https:\/\/comcellstore.com\/index.php?rest_route=\/wp\/v2\/media\/3571"}],"wp:attachment":[{"href":"https:\/\/comcellstore.com\/index.php?rest_route=%2Fwp%2Fv2%2Fmedia&parent=3569"}],"wp:term":[{"taxonomy":"product_brand","embeddable":true,"href":"https:\/\/comcellstore.com\/index.php?rest_route=%2Fwp%2Fv2%2Fproduct_brand&post=3569"},{"taxonomy":"product_cat","embeddable":true,"href":"https:\/\/comcellstore.com\/index.php?rest_route=%2Fwp%2Fv2%2Fproduct_cat&post=3569"},{"taxonomy":"product_tag","embeddable":true,"href":"https:\/\/comcellstore.com\/index.php?rest_route=%2Fwp%2Fv2%2Fproduct_tag&post=3569"}],"curies":[{"name":"wp","href":"https:\/\/api.w.org\/{rel}","templated":true}]}}