{"id":3779,"date":"2020-07-14T01:47:12","date_gmt":"2020-07-14T01:47:12","guid":{"rendered":"https:\/\/comcellstore.com\/?post_type=product&#038;p=3779"},"modified":"2025-05-27T21:55:55","modified_gmt":"2025-05-27T21:55:55","slug":"xtech-xtk-520s","status":"publish","type":"product","link":"https:\/\/comcellstore.com\/?product=xtech-xtk-520s","title":{"rendered":"XTECH<br>XTK-520S"},"content":{"rendered":"\t\t<div data-elementor-type=\"product-post\" data-elementor-id=\"3779\" class=\"elementor elementor-3779\" data-elementor-post-type=\"product\">\n\t\t\t\t\t\t<section class=\"elementor-section elementor-top-section elementor-element elementor-element-63e6ab61 elementor-section-boxed elementor-section-height-default elementor-section-height-default\" data-id=\"63e6ab61\" data-element_type=\"section\" data-e-type=\"section\">\n\t\t\t\t\t\t<div class=\"elementor-container elementor-column-gap-default\">\n\t\t\t\t\t<div class=\"elementor-column elementor-col-100 elementor-top-column elementor-element elementor-element-a147d29\" data-id=\"a147d29\" data-element_type=\"column\" data-e-type=\"column\">\n\t\t\t<div class=\"elementor-widget-wrap elementor-element-populated\">\n\t\t\t\t\t\t<div class=\"elementor-element elementor-element-5267f40 animated-slow elementor-invisible elementor-widget elementor-widget-image\" data-id=\"5267f40\" data-element_type=\"widget\" data-e-type=\"widget\" data-settings=\"{&quot;_animation&quot;:&quot;zoomInRight&quot;}\" data-widget_type=\"image.default\">\n\t\t\t\t\t\t\t\t\t\t\t\t\t\t\t<img fetchpriority=\"high\" decoding=\"async\" width=\"750\" height=\"261\" src=\"https:\/\/comcellstore.com\/wp-content\/uploads\/2020\/07\/XTK-520S_DK_Banner-1024x356.jpg\" class=\"attachment-large size-large wp-image-3783\" alt=\"\" srcset=\"https:\/\/comcellstore.com\/wp-content\/uploads\/2020\/07\/XTK-520S_DK_Banner-1024x356.jpg 1024w, https:\/\/comcellstore.com\/wp-content\/uploads\/2020\/07\/XTK-520S_DK_Banner-600x208.jpg 600w, https:\/\/comcellstore.com\/wp-content\/uploads\/2020\/07\/XTK-520S_DK_Banner-300x104.jpg 300w, https:\/\/comcellstore.com\/wp-content\/uploads\/2020\/07\/XTK-520S_DK_Banner-768x267.jpg 768w, https:\/\/comcellstore.com\/wp-content\/uploads\/2020\/07\/XTK-520S_DK_Banner.jpg 1440w\" sizes=\"(max-width: 750px) 100vw, 750px\" \/>\t\t\t\t\t\t\t\t\t\t\t\t\t\t\t<\/div>\n\t\t\t\t<div class=\"elementor-element elementor-element-1134df1b elementor-widget elementor-widget-text-editor\" data-id=\"1134df1b\" data-element_type=\"widget\" data-e-type=\"widget\" data-widget_type=\"text-editor.default\">\n\t\t\t\t\t\t\t\t\t<div>\r\n<ul>\r\n \t<li>Iluminaci\u00f3n de fondo tricolor \u2212 Luces seleccionables de color rojo, azul y morado, as\u00ed como la regulaci\u00f3n del brillo de las teclas, ofrece m\u00e1xima visibilidad durante el d\u00eda o la noche<\/li>\r\n \t<li>Funci\u00f3n anti-ghosting \u2212 Permite la pulsaci\u00f3n de 19 teclas en forma simult\u00e1nea para ejecutar diversos comandos a la vez<\/li>\r\n \t<li>12 teclas multimedia \u2212 Control y acceso instant\u00e1neo a archivo de m\u00fasica, v\u00eddeos, correo electr\u00f3nico y mucho m\u00e1s<\/li>\r\n \t<li>Conexi\u00f3n USB con configuraci\u00f3n autom\u00e1tica plug and play \u2212 No necesita instalaci\u00f3n de controladores ni de software<\/li>\r\n \t<li>Resistente y estable \u2212 Cuenta con una s\u00f3lida base de apoyo y con un panel inferior hecho de metal<\/li>\r\n<\/ul>\r\n<\/div>\r\n<div>\r\n<ul>\r\n \t<li><strong>Tipo:\u00a0<\/strong>Teclado para videojuegos con cable<\/li>\r\n \t<li><strong>Idioma:<\/strong>\u00a0Espa\u00f1ol<\/li>\r\n \t<li><strong>N\u00famero de teclas:<\/strong>\u00a0105<\/li>\r\n \t<li><strong>Teclas multimedia:\u00a0<\/strong>12 a trav\u00e9s de la tecla Fn, se activan las siguientes funciones: Inicio, E-mail, Reproducci\u00f3n\/Pausa, Detener, Retroceder, Avanzar, Subir volumen, Bajar volumen, Silenciamiento, Bloqueo del teclado y Calculadora<\/li>\r\n \t<li><strong>Interfaz:<\/strong>\u00a0USB<\/li>\r\n \t<li><strong>Luz de fondo:<\/strong>\u00a0Iluminaci\u00f3n LED 3 colores (azul, rojo y morado)<\/li>\r\n \t<li><strong>Indicadores:\u00a0<\/strong>Bloqueo de teclas NUM, MAY\u00daS, DESPL y de Windows<\/li>\r\n \t<li><strong>Funci\u00f3n anti-ghosting<\/strong>: 19 teclas<\/li>\r\n \t<li><strong>Requisitos del sistema:<\/strong>\u00a0Familia Windows<\/li>\r\n \t<li><strong>Dimensiones (LaxAnxAl):<\/strong>\u00a044.3\u00d714.0&#215;4.2cm<\/li>\r\n \t<li><strong>Peso:<\/strong>\u00a0870g<\/li>\r\n \t<li><strong>Longitud del cable:<\/strong>\u00a01,75m<\/li>\r\n \t<li><strong>Garant\u00eda:<\/strong>\u00a0Un a\u00f1o<\/li>\r\n<\/ul>\r\n<\/div>\t\t\t\t\t\t\t\t<\/div>\n\t\t\t\t<div class=\"elementor-element elementor-element-bc0c9a3 animated-slow elementor-arrows-position-inside elementor-pagination-position-outside elementor-invisible elementor-widget elementor-widget-image-carousel\" data-id=\"bc0c9a3\" data-element_type=\"widget\" data-e-type=\"widget\" data-settings=\"{&quot;_animation&quot;:&quot;jello&quot;,&quot;navigation&quot;:&quot;both&quot;,&quot;autoplay&quot;:&quot;yes&quot;,&quot;pause_on_hover&quot;:&quot;yes&quot;,&quot;pause_on_interaction&quot;:&quot;yes&quot;,&quot;autoplay_speed&quot;:5000,&quot;infinite&quot;:&quot;yes&quot;,&quot;speed&quot;:500}\" data-widget_type=\"image-carousel.default\">\n\t\t\t\t\t\t\t<div class=\"elementor-image-carousel-wrapper swiper\" role=\"region\" aria-roledescription=\"carousel\" aria-label=\"Carrusel de im\u00e1genes\" dir=\"ltr\">\n\t\t\t<div class=\"elementor-image-carousel swiper-wrapper\" aria-live=\"off\">\n\t\t\t\t\t\t\t\t<div class=\"swiper-slide\" role=\"group\" aria-roledescription=\"slide\" aria-label=\"1 de 4\"><figure class=\"swiper-slide-inner\"><img decoding=\"async\" class=\"swiper-slide-image\" src=\"https:\/\/comcellstore.com\/wp-content\/uploads\/2020\/07\/XTK-520S-00104-300x300.jpg\" alt=\"XTK-520S-00104\" \/><\/figure><\/div><div class=\"swiper-slide\" role=\"group\" aria-roledescription=\"slide\" aria-label=\"2 de 4\"><figure class=\"swiper-slide-inner\"><img decoding=\"async\" class=\"swiper-slide-image\" src=\"https:\/\/comcellstore.com\/wp-content\/uploads\/2020\/07\/XTK-520S-00102-300x300.jpg\" alt=\"XTK-520S-00102\" \/><\/figure><\/div><div class=\"swiper-slide\" role=\"group\" aria-roledescription=\"slide\" aria-label=\"3 de 4\"><figure class=\"swiper-slide-inner\"><img decoding=\"async\" class=\"swiper-slide-image\" src=\"https:\/\/comcellstore.com\/wp-content\/uploads\/2020\/07\/XTK-520S-00103-300x300.jpg\" alt=\"XTK-520S-00103\" \/><\/figure><\/div><div class=\"swiper-slide\" role=\"group\" aria-roledescription=\"slide\" aria-label=\"4 de 4\"><figure class=\"swiper-slide-inner\"><img decoding=\"async\" class=\"swiper-slide-image\" src=\"https:\/\/comcellstore.com\/wp-content\/uploads\/2020\/07\/XTK-520S-00101-300x300.jpg\" alt=\"XTK-520S-00101\" \/><\/figure><\/div>\t\t\t<\/div>\n\t\t\t\t\t\t\t\t\t\t\t\t<div class=\"elementor-swiper-button elementor-swiper-button-prev\" role=\"button\" tabindex=\"0\">\n\t\t\t\t\t\t<svg aria-hidden=\"true\" class=\"e-font-icon-svg e-eicon-chevron-left\" viewBox=\"0 0 1000 1000\" xmlns=\"http:\/\/www.w3.org\/2000\/svg\"><path d=\"M646 125C629 125 613 133 604 142L308 442C296 454 292 471 292 487 292 504 296 521 308 533L604 854C617 867 629 875 646 875 663 875 679 871 692 858 704 846 713 829 713 812 713 796 708 779 692 767L438 487 692 225C700 217 708 204 708 187 708 171 704 154 692 142 675 129 663 125 646 125Z\"><\/path><\/svg>\t\t\t\t\t<\/div>\n\t\t\t\t\t<div class=\"elementor-swiper-button elementor-swiper-button-next\" role=\"button\" tabindex=\"0\">\n\t\t\t\t\t\t<svg aria-hidden=\"true\" class=\"e-font-icon-svg e-eicon-chevron-right\" viewBox=\"0 0 1000 1000\" xmlns=\"http:\/\/www.w3.org\/2000\/svg\"><path d=\"M696 533C708 521 713 504 713 487 713 471 708 454 696 446L400 146C388 133 375 125 354 125 338 125 325 129 313 142 300 154 292 171 292 187 292 204 296 221 308 233L563 492 304 771C292 783 288 800 288 817 288 833 296 850 308 863 321 871 338 875 354 875 371 875 388 867 400 854L696 533Z\"><\/path><\/svg>\t\t\t\t\t<\/div>\n\t\t\t\t\n\t\t\t\t\t\t\t\t\t<div class=\"swiper-pagination\"><\/div>\n\t\t\t\t\t\t\t\t\t<\/div>\n\t\t\t\t\t\t<\/div>\n\t\t\t\t\t<\/div>\n\t\t<\/div>\n\t\t\t\t\t<\/div>\n\t\t<\/section>\n\t\t\t\t<\/div>\n\t\t","protected":false},"excerpt":{"rendered":"<div class=\"prod-col-box d-none d-lg-block\">\n<h3 class=\"subtitle prod-title\"><span style=\"color: #33cccc;\">Revenger | Teclado multimedia cableado para videojuegos con iluminaci\u00f3n de fondo LED de 3 colores<\/span><\/h3>\n<\/div>\n<div class=\"prod-col-box\">\n<ul class=\"prod-info-list ulReset\">\n<li class=\"prod-info-item\"><b class=\"prod-info-label\">Idioma :<\/b>\u00a0<span class=\"prod-info-stat\">Espa\u00f1ol<\/span><\/li>\n<li class=\"prod-info-item\"><b class=\"prod-info-label\">Luz de fondo :<\/b>\u00a0<span class=\"prod-info-stat\">Iluminaci\u00f3n LED 3 colores (azul, rojo y morado)\u00a0<\/span><\/li>\n<li class=\"prod-info-item\"><b class=\"prod-info-label\">Interfaz :<\/b>\u00a0<span class=\"prod-info-stat\">USB<\/span><\/li>\n<\/ul>\n<\/div>\n","protected":false},"featured_media":3780,"comment_status":"open","ping_status":"closed","template":"","meta":[],"product_brand":[124],"product_cat":[76,57,79],"product_tag":[],"class_list":{"0":"post-3779","1":"product","2":"type-product","3":"status-publish","4":"has-post-thumbnail","6":"product_brand-xtech","7":"product_cat-accesorios-gaming","8":"product_cat-auricularesteclados-mecanicos-ratones","9":"product_cat-teclado-gaming","11":"first","12":"instock","13":"sale","14":"taxable","15":"shipping-taxable","16":"purchasable","17":"product-type-simple"},"_links":{"self":[{"href":"https:\/\/comcellstore.com\/index.php?rest_route=\/wp\/v2\/product\/3779","targetHints":{"allow":["GET"]}}],"collection":[{"href":"https:\/\/comcellstore.com\/index.php?rest_route=\/wp\/v2\/product"}],"about":[{"href":"https:\/\/comcellstore.com\/index.php?rest_route=\/wp\/v2\/types\/product"}],"replies":[{"embeddable":true,"href":"https:\/\/comcellstore.com\/index.php?rest_route=%2Fwp%2Fv2%2Fcomments&post=3779"}],"version-history":[{"count":3,"href":"https:\/\/comcellstore.com\/index.php?rest_route=\/wp\/v2\/product\/3779\/revisions"}],"predecessor-version":[{"id":6360,"href":"https:\/\/comcellstore.com\/index.php?rest_route=\/wp\/v2\/product\/3779\/revisions\/6360"}],"wp:featuredmedia":[{"embeddable":true,"href":"https:\/\/comcellstore.com\/index.php?rest_route=\/wp\/v2\/media\/3780"}],"wp:attachment":[{"href":"https:\/\/comcellstore.com\/index.php?rest_route=%2Fwp%2Fv2%2Fmedia&parent=3779"}],"wp:term":[{"taxonomy":"product_brand","embeddable":true,"href":"https:\/\/comcellstore.com\/index.php?rest_route=%2Fwp%2Fv2%2Fproduct_brand&post=3779"},{"taxonomy":"product_cat","embeddable":true,"href":"https:\/\/comcellstore.com\/index.php?rest_route=%2Fwp%2Fv2%2Fproduct_cat&post=3779"},{"taxonomy":"product_tag","embeddable":true,"href":"https:\/\/comcellstore.com\/index.php?rest_route=%2Fwp%2Fv2%2Fproduct_tag&post=3779"}],"curies":[{"name":"wp","href":"https:\/\/api.w.org\/{rel}","templated":true}]}}