{"id":8311,"date":"2023-02-23T00:14:34","date_gmt":"2023-02-23T00:14:34","guid":{"rendered":"https:\/\/comcellstore.com\/?post_type=product&#038;p=8311"},"modified":"2025-08-14T16:19:35","modified_gmt":"2025-08-14T16:19:35","slug":"enersafeups-esol-rth-c-6kva","status":"publish","type":"product","link":"https:\/\/comcellstore.com\/?product=enersafeups-esol-rth-c-6kva","title":{"rendered":"ENERSAFE<BR>UPS ESOL RTH-C 6KVA"},"content":{"rendered":"<table class=\"table\">\n<tbody>\n<tr>\n<td scope=\"row\">Topolog\u00eda<\/td>\n<td>On Line<\/td>\n<\/tr>\n<tr>\n<td scope=\"row\">Potencia VA\/Watts<\/td>\n<td>6.000VA \/ 6.000W<\/td>\n<\/tr>\n<tr>\n<td scope=\"row\">C\u00f3digo Producto<\/td>\n<td>UPSBPESOLRTHC6KVA<\/td>\n<\/tr>\n<tr>\n<td scope=\"row\">ID Convenio Marco<\/td>\n<td><\/td>\n<\/tr>\n<tr>\n<td scope=\"row\">Factor Potencia Salida<\/td>\n<td>1<\/td>\n<\/tr>\n<tr>\n<td scope=\"row\">Formato<\/td>\n<td>Rack y Torre<\/td>\n<\/tr>\n<tr>\n<td scope=\"row\">Espacio en Rack<\/td>\n<td>5U (2U UPS + 3U Banco Bater\u00edas)<\/td>\n<\/tr>\n<tr>\n<td scope=\"row\">Panel<\/td>\n<td>LCD<\/td>\n<\/tr>\n<\/tbody>\n<\/table>\n<div class=\"subtitulo\">\n<h6>Entrada<\/h6>\n<\/div>\n<table class=\"table\">\n<tbody>\n<tr>\n<td scope=\"row\">Voltaje nominal<\/td>\n<td>208\/220\/230\/240Vac<\/td>\n<\/tr>\n<tr>\n<td scope=\"row\">Rango Voltaje<\/td>\n<td>110 ~300Vac<\/td>\n<\/tr>\n<tr>\n<td scope=\"row\">Rango Voltaje (Modo By pass)<\/td>\n<td>Max voltaje: 220V: +25%(opcional+10%, +15%+20)230V:+20%(opcional+10%,+15%)240V:+15%(opcional+10%)Min. Voltaje: -45%(opcional-20%.-30%)<\/td>\n<\/tr>\n<tr>\n<td scope=\"row\">Rango Frecuencia modo operaci\u00f3n<\/td>\n<td>40~70Hz<\/td>\n<\/tr>\n<tr>\n<td scope=\"row\">Rango Frecuencia modo By pass<\/td>\n<td>\u00b1 10%<\/td>\n<\/tr>\n<tr>\n<td scope=\"row\">Rango Frecuencia Modo ECO<\/td>\n<td>Igual que en modo Bypass<\/td>\n<\/tr>\n<tr>\n<td scope=\"row\">Distorsi\u00f3n Arm\u00f3nica (TDHi)<\/td>\n<td>\u22642% (100% carga linear) \u22645% (100% carga no linear)<\/td>\n<\/tr>\n<tr>\n<td scope=\"row\">Factor de Potencia<\/td>\n<td>\u22640,99 @voltaje nomianl (100% carga)<\/td>\n<\/tr>\n<\/tbody>\n<\/table>\n<div class=\"subtitulo\">\n<h6>Salida<\/h6>\n<\/div>\n<table class=\"table\">\n<tbody>\n<tr>\n<td scope=\"row\">Voltaje<\/td>\n<td>208\/220\/230\/240 Vac<\/td>\n<\/tr>\n<tr>\n<td scope=\"row\">Regulaci\u00f3n de Voltaje<\/td>\n<td>\u00b1 1%<\/td>\n<\/tr>\n<tr>\n<td scope=\"row\">Frecuencia (Modo en linea)<\/td>\n<td>47~53Hz o 57~63Hz<\/td>\n<\/tr>\n<tr>\n<td scope=\"row\">Frecuencia (Modo Bater\u00eda)<\/td>\n<td>50\/60Hz \u00b10,1Hz<\/td>\n<\/tr>\n<tr>\n<td scope=\"row\">Factor de Cresta<\/td>\n<td>3:01<\/td>\n<\/tr>\n<tr>\n<td scope=\"row\">Forma de Onda<\/td>\n<td>Sinusoidal pura<\/td>\n<\/tr>\n<tr>\n<td scope=\"row\">Distorsi\u00f3n Arm\u00f3nica (TDHv)<\/td>\n<td>\u22642 % THD (carga linear) \u22642% THD (carga no lineal)<\/td>\n<\/tr>\n<tr>\n<td scope=\"row\">Eficiencia<\/td>\n<td>&gt;94%<\/td>\n<\/tr>\n<tr>\n<td scope=\"row\">Tiempo de Transferencia<\/td>\n<td>0ms<\/td>\n<\/tr>\n<\/tbody>\n<\/table>\n<div class=\"subtitulo\">\n<h6>Bater\u00edas<\/h6>\n<\/div>\n<table class=\"table\">\n<tbody>\n<tr>\n<td scope=\"row\">Bater\u00edas Internas<\/td>\n<td>Incluye banco con 20 bater\u00edas 12V\/9Ah<\/td>\n<\/tr>\n<tr>\n<td scope=\"row\">Tipo Bater\u00edas<\/td>\n<td>Plomo \u00c1cido selladas (libre Mantenimiento)<\/td>\n<\/tr>\n<tr>\n<td scope=\"row\">Tiempo de recarga<\/td>\n<td>5 horas (para 90% de capacidad)<\/td>\n<\/tr>\n<tr>\n<td scope=\"row\">Cargador<\/td>\n<td>1A<\/td>\n<\/tr>\n<tr>\n<td scope=\"row\">Voltaje<\/td>\n<td>192\/240Vdc<\/td>\n<\/tr>\n<\/tbody>\n<\/table>\n<div class=\"subtitulo\">\n<h6>Banco Baterias Adicional<\/h6>\n<\/div>\n<table class=\"table\">\n<tbody>\n<tr>\n<td scope=\"row\">C\u00f3digo<\/td>\n<td>BPESOL2009-6\/10KVA<\/td>\n<\/tr>\n<tr>\n<td scope=\"row\">Configuraci\u00f3n<\/td>\n<td>20 baterias 12V\/9Ah<\/td>\n<\/tr>\n<tr>\n<td scope=\"row\">Voltaje carga<\/td>\n<td><\/td>\n<\/tr>\n<\/tbody>\n<\/table>\n<div class=\"subtitulo\">\n<h6>Protecci\u00f3n Sobrecarga<\/h6>\n<\/div>\n<table class=\"table\">\n<tbody>\n<tr>\n<td scope=\"row\">Modo en l\u00ednea<\/td>\n<td>Carga \u2264110%: ultimos 10min, \u2264130%: ultimo 1min, \u2264150%: ultimo 3seg,&gt;150% Pasa al Modo Bypass inmediatamente<\/td>\n<\/tr>\n<tr>\n<td scope=\"row\">Modo bypass<\/td>\n<td>40A (Breacker de Entrada)<\/td>\n<\/tr>\n<\/tbody>\n<\/table>\n<div class=\"subtitulo\">\n<h6>Conexion y Administracion<\/h6>\n<\/div>\n<table class=\"table\">\n<tbody>\n<tr>\n<td scope=\"row\">Puerto Comunicaci\u00f3n<\/td>\n<td>\u00abUSB, RS232. Tarjeta Paralelismo (opcional), Tarjeta SNMP (Opcional), Tarjeta Rel\u00e9 (Opcional) \u00ab<\/td>\n<\/tr>\n<tr>\n<td scope=\"row\">Interfaces de comunicaci\u00f3n<\/td>\n<td>Software monitoreo y Shutdown<\/td>\n<\/tr>\n<\/tbody>\n<\/table>\n<div class=\"subtitulo\">\n<h6>Condiciones Ambientales<\/h6>\n<\/div>\n<table class=\"table\">\n<tbody>\n<tr>\n<td scope=\"row\">Rango de Humedad<\/td>\n<td>0-90% (sin condenzaci\u00f3n)<\/td>\n<\/tr>\n<tr>\n<td scope=\"row\">Temperatura de operaci\u00f3n\/Almacenamiento<\/td>\n<td>0 ~ 40 \/ -25 ~ 55<\/td>\n<\/tr>\n<tr>\n<td scope=\"row\">Altitud<\/td>\n<td>&lt;1500m<\/td>\n<\/tr>\n<tr>\n<td scope=\"row\">Nivel del Ruido<\/td>\n<td>46 dB a 1 metro<\/td>\n<\/tr>\n<\/tbody>\n<\/table>\n<div class=\"subtitulo\">\n<h6>Caracter\u00edsticas F\u00edsicas<\/h6>\n<\/div>\n<table class=\"table\">\n<tbody>\n<tr>\n<td scope=\"row\">Peso neto UPS kg<\/td>\n<td>13<\/td>\n<\/tr>\n<tr>\n<td scope=\"row\">Tama\u00f1o Neto UPS mm<\/td>\n<td>490x440x88 (2U)<\/td>\n<\/tr>\n<tr>\n<td scope=\"row\">Peso neto Banco Bater\u00edas kg<\/td>\n<td>62<\/td>\n<\/tr>\n<tr>\n<td scope=\"row\">Tama\u00f1o neto Banco Bater\u00edas mm<\/td>\n<td>720x443x131 (3U)<\/td>\n<\/tr>\n<\/tbody>\n<\/table>\n<div class=\"subtitulo\">\n<h6>Seguridad<\/h6>\n<\/div>\n<table class=\"table\">\n<tbody>\n<tr>\n<td scope=\"row\">Seguridad<\/td>\n<td>IEC\/EN62040-1,IEC\/EN60950-1<\/td>\n<\/tr>\n<\/tbody>\n<\/table>\n<div class=\"subtitulo\">\n<h6>EMC<\/h6>\n<\/div>\n<table class=\"table\">\n<tbody>\n<tr>\n<td scope=\"row\">EMC<\/td>\n<td>IEC\/EN62040-2,IEC61000-4-2,IEC61000-4-3,IEC61000-4-4,IEC61000-4-5,IEC610004-6.IEC61000-4-8<\/td>\n<\/tr>\n<\/tbody>\n<\/table>\n<div class=\"subtitulo\">\n<h6>Soporte<\/h6>\n<\/div>\n<table class=\"table\">\n<tbody>\n<tr>\n<td scope=\"row\">Garant\u00eda<\/td>\n<td>3 a\u00f1os UPS, 2 a\u00f1os bater\u00edas<\/td>\n<\/tr>\n<\/tbody>\n<\/table>\n","protected":false},"excerpt":{"rendered":"<p class=\"py-4 mb-0\">Alta potencia en solo 5u de espacio en rack<\/p>\n<ul class=\"list-unstyled mb-5\">\n<li>Monof\u00e1sica (1:1)<\/li>\n<li>Potencia 6000VA \/ 6000W.<\/li>\n<li>Factor de Potencia: 1<\/li>\n<li>Tipo: Rack \/ Torre<\/li>\n<li>Espacio en Rack: 2 U UPS + 3U Banco de bater\u00edas.<\/li>\n<li>Permite conectar Plug&amp;Play hasta 3 bancos de bater\u00edas.<\/li>\n<li>Permite con\ufb01guraci\u00f3n en paralelo o Redundante (N+X).<\/li>\n<li>Pantalla LCD de 2 posiciones permite instalar la UPS en formato torre o en rack.<\/li>\n<\/ul>\n","protected":false},"featured_media":8315,"comment_status":"closed","ping_status":"closed","template":"","meta":[],"product_brand":[],"product_cat":[53,84],"product_tag":[],"class_list":{"0":"post-8311","1":"product","2":"type-product","3":"status-publish","4":"has-post-thumbnail","6":"product_cat-estabilizadoressupresoresregletasups","7":"product_cat-ups","9":"first","10":"outofstock","11":"taxable","12":"shipping-taxable","13":"purchasable","14":"product-type-simple"},"_links":{"self":[{"href":"https:\/\/comcellstore.com\/index.php?rest_route=\/wp\/v2\/product\/8311","targetHints":{"allow":["GET"]}}],"collection":[{"href":"https:\/\/comcellstore.com\/index.php?rest_route=\/wp\/v2\/product"}],"about":[{"href":"https:\/\/comcellstore.com\/index.php?rest_route=\/wp\/v2\/types\/product"}],"replies":[{"embeddable":true,"href":"https:\/\/comcellstore.com\/index.php?rest_route=%2Fwp%2Fv2%2Fcomments&post=8311"}],"version-history":[{"count":1,"href":"https:\/\/comcellstore.com\/index.php?rest_route=\/wp\/v2\/product\/8311\/revisions"}],"predecessor-version":[{"id":8313,"href":"https:\/\/comcellstore.com\/index.php?rest_route=\/wp\/v2\/product\/8311\/revisions\/8313"}],"wp:featuredmedia":[{"embeddable":true,"href":"https:\/\/comcellstore.com\/index.php?rest_route=\/wp\/v2\/media\/8315"}],"wp:attachment":[{"href":"https:\/\/comcellstore.com\/index.php?rest_route=%2Fwp%2Fv2%2Fmedia&parent=8311"}],"wp:term":[{"taxonomy":"product_brand","embeddable":true,"href":"https:\/\/comcellstore.com\/index.php?rest_route=%2Fwp%2Fv2%2Fproduct_brand&post=8311"},{"taxonomy":"product_cat","embeddable":true,"href":"https:\/\/comcellstore.com\/index.php?rest_route=%2Fwp%2Fv2%2Fproduct_cat&post=8311"},{"taxonomy":"product_tag","embeddable":true,"href":"https:\/\/comcellstore.com\/index.php?rest_route=%2Fwp%2Fv2%2Fproduct_tag&post=8311"}],"curies":[{"name":"wp","href":"https:\/\/api.w.org\/{rel}","templated":true}]}}