{"id":8318,"date":"2023-02-23T00:22:49","date_gmt":"2023-02-23T00:22:49","guid":{"rendered":"https:\/\/comcellstore.com\/?post_type=product&#038;p=8318"},"modified":"2025-08-14T16:19:16","modified_gmt":"2025-08-14T16:19:16","slug":"enersafeups-esol-tri-pt-20kva-18k","status":"publish","type":"product","link":"https:\/\/comcellstore.com\/?product=enersafeups-esol-tri-pt-20kva-18k","title":{"rendered":"ENERSAFE<BR>UPS ESOL TRI PT 20KVA \/18k"},"content":{"rendered":"<table class=\"table\">\n<tbody>\n<tr>\n<td scope=\"row\">Topolog\u00eda<\/td>\n<td>On Line<\/td>\n<\/tr>\n<tr>\n<td scope=\"row\">Potencia VA\/Watts<\/td>\n<td>20Kva \/18k<\/td>\n<\/tr>\n<tr>\n<td scope=\"row\">Factor Potencia Salida<\/td>\n<td>0,9<\/td>\n<\/tr>\n<tr>\n<td scope=\"row\">Formato<\/td>\n<td>Torre<\/td>\n<\/tr>\n<tr>\n<td scope=\"row\">Panel<\/td>\n<td>Pantalla Touch de 7&#8243; full color<\/td>\n<\/tr>\n<\/tbody>\n<\/table>\n<div class=\"subtitulo\">\n<h6>Entrada<\/h6>\n<\/div>\n<table class=\"table\">\n<tbody>\n<tr>\n<td scope=\"row\">Voltaje nominal<\/td>\n<td>380\/400\/415 VAC (3Ph+N+PE)<\/td>\n<\/tr>\n<tr>\n<td scope=\"row\">Rango Voltaje Modo en linea<\/td>\n<td>208~478Vac<\/td>\n<\/tr>\n<tr>\n<td scope=\"row\">Rango Voltaje Modo ByPass<\/td>\n<td>380Vac Max Volaje: +25% (opcional +10%, +15%, +20%) 400Vac Max Volaje: +20% (opcional +10%, +15%) 415Vac Max Volaje: +15% (opcional +10%) Min Volaje: -45% (opcional -20%, -30%)<\/td>\n<\/tr>\n<tr>\n<td scope=\"row\">Rango Frecuencia<\/td>\n<td>45~55Hz a 50Hz\/54~66Hz a 60Hz (detecci\u00f3n autom\u00e1tica)<\/td>\n<\/tr>\n<tr>\n<td scope=\"row\">Factor de Potencia<\/td>\n<td>\u22650,99<\/td>\n<\/tr>\n<tr>\n<td scope=\"row\">Rango Frecuencia modo Bypass<\/td>\n<td>Rango de sincronizaci\u00f3n de frecuencia \u00b1 10%<\/td>\n<\/tr>\n<tr>\n<td scope=\"row\">Distorsi\u00f3n Arm\u00f3nica THDI<\/td>\n<td>\u22643%<\/td>\n<\/tr>\n<\/tbody>\n<\/table>\n<div class=\"subtitulo\">\n<h6>Salida<\/h6>\n<\/div>\n<table class=\"table\">\n<tbody>\n<tr>\n<td scope=\"row\">Voltaje<\/td>\n<td>380\/400\/415 VAC (3Ph+N+PE)<\/td>\n<\/tr>\n<tr>\n<td scope=\"row\">Regulacion de Voltaje<\/td>\n<td>\u00b1 1%<\/td>\n<\/tr>\n<tr>\n<td scope=\"row\">Rango Frecuencia (Modo en Linea)<\/td>\n<td>\u00b1 1%\/ \u00b1 2%\/ \u00b1 4%\/ \u00b1 5%\/ \u00b1 10% de la frecuencia nominal (opcional)<\/td>\n<\/tr>\n<tr>\n<td scope=\"row\">Rango Frecuencia (Modo Bat)<\/td>\n<td>50\/60Hz \u00b10,1Hz<\/td>\n<\/tr>\n<tr>\n<td scope=\"row\">Factor de Cresta<\/td>\n<td>3:1<\/td>\n<\/tr>\n<tr>\n<td scope=\"row\">Forma de Onda<\/td>\n<td>Sinusoidal pura<\/td>\n<\/tr>\n<tr>\n<td scope=\"row\">Distorsi\u00f3n Arm\u00f3nica (THD)<\/td>\n<td>\u22642% (carga linear) \u22645% (carga no lineal)<\/td>\n<\/tr>\n<tr>\n<td scope=\"row\">Tiempo de Transferencia<\/td>\n<td>0 ms<\/td>\n<\/tr>\n<\/tbody>\n<\/table>\n<div class=\"subtitulo\">\n<h6>Eficiencia<\/h6>\n<\/div>\n<table class=\"table\">\n<tbody>\n<tr>\n<td scope=\"row\">Modo Linea<\/td>\n<td>94,5%<\/td>\n<\/tr>\n<\/tbody>\n<\/table>\n<div class=\"subtitulo\">\n<h6>Bater\u00edas<\/h6>\n<\/div>\n<table class=\"table\">\n<tbody>\n<tr>\n<td scope=\"row\">Voltaje<\/td>\n<td>\u00b1 120Vdc (2&#215;20 bat 12V9Ah)<\/td>\n<\/tr>\n<tr>\n<td scope=\"row\">Corriente de carga<\/td>\n<td>2,7A<\/td>\n<\/tr>\n<\/tbody>\n<\/table>\n<div class=\"subtitulo\">\n<h6>Protecci\u00f3n<\/h6>\n<\/div>\n<table class=\"table\">\n<tbody>\n<tr>\n<td scope=\"row\">Sobrecarga<\/td>\n<td>\u2264110% sobrecarga por 60min \u2264125% sobre carga 10min \u2264150%: sobre carga 1min<\/td>\n<\/tr>\n<\/tbody>\n<\/table>\n<div class=\"subtitulo\">\n<h6>Conexi\u00f3n y Administraci\u00f3n<\/h6>\n<\/div>\n<table class=\"table\">\n<tbody>\n<tr>\n<td scope=\"row\">Puerto Comunicaci\u00f3n<\/td>\n<td>USB, RS232, RS485, puerto de paralelismo, puerto dry contact, slot inteligente. Tarjetas opcioneles de: SNMP, contacto seco, Relay.<\/td>\n<\/tr>\n<tr>\n<td scope=\"row\">Interfaces de comunicaci\u00f3n<\/td>\n<td>Software monitoreo y Shutdown.<\/td>\n<\/tr>\n<\/tbody>\n<\/table>\n<div class=\"subtitulo\">\n<h6>Condiciones Ambientales<\/h6>\n<\/div>\n<table class=\"table\">\n<tbody>\n<tr>\n<td scope=\"row\">Humedad de Operaci\u00f3n<\/td>\n<td>0-95% (sin condenzaci\u00f3n)<\/td>\n<\/tr>\n<tr>\n<td scope=\"row\">Temperatura de Operaci\u00f3n<\/td>\n<td>0 ~40 \u00b0C<\/td>\n<\/tr>\n<tr>\n<td scope=\"row\">Temperatura de Almacenaje<\/td>\n<td>-25 ~55 \u00b0C (sin baterias)<\/td>\n<\/tr>\n<tr>\n<td scope=\"row\">Altitud<\/td>\n<td>&lt;1500m<\/td>\n<\/tr>\n<tr>\n<td scope=\"row\">Nivel del Ruido<\/td>\n<td>&lt;55dB (a 1 metro)<\/td>\n<\/tr>\n<\/tbody>\n<\/table>\n<div class=\"subtitulo\">\n<h6>Caracter\u00edsticas F\u00edsicas<\/h6>\n<\/div>\n<table class=\"table\">\n<tbody>\n<tr>\n<td scope=\"row\">Peso neto kg<\/td>\n<td>171<\/td>\n<\/tr>\n<tr>\n<td scope=\"row\">Tama\u00f1o Neto mm<\/td>\n<td>828x250x868<\/td>\n<\/tr>\n<\/tbody>\n<\/table>\n<div class=\"subtitulo\">\n<h6>Soporte<\/h6>\n<\/div>\n<table class=\"table\">\n<tbody>\n<tr>\n<td scope=\"row\">Garant\u00eda<\/td>\n<td>3 a\u00f1os a\u00f1os UPS, 2 a\u00f1os las bater\u00edas<\/td>\n<\/tr>\n<\/tbody>\n<\/table>\n","protected":false},"excerpt":{"rendered":"<p class=\"py-4 mb-0\">Compactas, Livianas y F\u00e1ciles de Administrar<\/p>\n<ul class=\"list-unstyled mb-5\">\n<li>Trif\u00e1sica (3:3)<\/li>\n<li>Potencia 20000VA \/ 18000W<\/li>\n<li>Factor de Potencia: 0,9<\/li>\n<li>Tipo: Torre<\/li>\n<li>Pantalla: Touch de 7&#8243;, full color<\/li>\n<li>ULTRA COMPACTA, mide s\u00f3lo 87cm de alto.<\/li>\n<li>Permite configuraci\u00f3n en Paralelo y respaldo redundante (N+x).<\/li>\n<\/ul>\n","protected":false},"featured_media":8321,"comment_status":"closed","ping_status":"closed","template":"","meta":[],"product_brand":[],"product_cat":[53,84],"product_tag":[],"class_list":{"0":"post-8318","1":"product","2":"type-product","3":"status-publish","4":"has-post-thumbnail","6":"product_cat-estabilizadoressupresoresregletasups","7":"product_cat-ups","9":"first","10":"outofstock","11":"taxable","12":"shipping-taxable","13":"purchasable","14":"product-type-simple"},"_links":{"self":[{"href":"https:\/\/comcellstore.com\/index.php?rest_route=\/wp\/v2\/product\/8318","targetHints":{"allow":["GET"]}}],"collection":[{"href":"https:\/\/comcellstore.com\/index.php?rest_route=\/wp\/v2\/product"}],"about":[{"href":"https:\/\/comcellstore.com\/index.php?rest_route=\/wp\/v2\/types\/product"}],"replies":[{"embeddable":true,"href":"https:\/\/comcellstore.com\/index.php?rest_route=%2Fwp%2Fv2%2Fcomments&post=8318"}],"version-history":[{"count":1,"href":"https:\/\/comcellstore.com\/index.php?rest_route=\/wp\/v2\/product\/8318\/revisions"}],"predecessor-version":[{"id":8322,"href":"https:\/\/comcellstore.com\/index.php?rest_route=\/wp\/v2\/product\/8318\/revisions\/8322"}],"wp:featuredmedia":[{"embeddable":true,"href":"https:\/\/comcellstore.com\/index.php?rest_route=\/wp\/v2\/media\/8321"}],"wp:attachment":[{"href":"https:\/\/comcellstore.com\/index.php?rest_route=%2Fwp%2Fv2%2Fmedia&parent=8318"}],"wp:term":[{"taxonomy":"product_brand","embeddable":true,"href":"https:\/\/comcellstore.com\/index.php?rest_route=%2Fwp%2Fv2%2Fproduct_brand&post=8318"},{"taxonomy":"product_cat","embeddable":true,"href":"https:\/\/comcellstore.com\/index.php?rest_route=%2Fwp%2Fv2%2Fproduct_cat&post=8318"},{"taxonomy":"product_tag","embeddable":true,"href":"https:\/\/comcellstore.com\/index.php?rest_route=%2Fwp%2Fv2%2Fproduct_tag&post=8318"}],"curies":[{"name":"wp","href":"https:\/\/api.w.org\/{rel}","templated":true}]}}