{"id":840,"date":"2020-05-26T02:10:37","date_gmt":"2020-05-26T02:10:37","guid":{"rendered":"https:\/\/comcellstore.com\/?post_type=product&#038;p=840"},"modified":"2025-07-08T15:12:12","modified_gmt":"2025-07-08T15:12:12","slug":"kws-015-zound360","status":"publish","type":"product","link":"https:\/\/comcellstore.com\/?product=kws-015-zound360","title":{"rendered":"KLIP XTREME<br>KWS-015 Zound360"},"content":{"rendered":"\t\t<div data-elementor-type=\"wp-post\" data-elementor-id=\"840\" class=\"elementor elementor-840\" data-elementor-post-type=\"product\">\n\t\t\t\t\t\t<section class=\"elementor-section elementor-top-section elementor-element elementor-element-1c056f87 elementor-section-boxed elementor-section-height-default elementor-section-height-default\" data-id=\"1c056f87\" data-element_type=\"section\" data-e-type=\"section\">\n\t\t\t\t\t\t<div class=\"elementor-container elementor-column-gap-default\">\n\t\t\t\t\t<div class=\"elementor-column elementor-col-100 elementor-top-column elementor-element elementor-element-4ce69997\" data-id=\"4ce69997\" data-element_type=\"column\" data-e-type=\"column\">\n\t\t\t<div class=\"elementor-widget-wrap elementor-element-populated\">\n\t\t\t\t\t\t<div class=\"elementor-element elementor-element-2ef9eeb elementor-widget elementor-widget-text-editor\" data-id=\"2ef9eeb\" data-element_type=\"widget\" data-e-type=\"widget\" data-widget_type=\"text-editor.default\">\n\t\t\t\t\t\t\t\t\t<div class=\"col-lg-6\">\r\n<div><i class=\"interna_icon\"><img decoding=\"async\" class=\"\" title=\"Especificaciones\" src=\"https:\/\/www.klipxtreme.com\/media\/Icon-Specifications-grupo.png\" alt=\"Icon-Especificaciones-grupo.png\" width=\"36\" height=\"36\" \/>\u00a0<span class=\"title-specs\">Especificaciones<\/span><\/i><\/div>\r\n<ul>\r\n \t<li>Tipo: conjunto de altavoces TWS<\/li>\r\n \t<li>Entrada DC: USB DC 5V<\/li>\r\n \t<li>Tiempo m\u00e1ximo de reproducci\u00f3n (volumen m\u00e1ximo): 3-4 horas<\/li>\r\n \t<li>Tiempo m\u00e1ximo de reproducci\u00f3n (volumen medio): 10-12 horas.<\/li>\r\n \t<li>Potencia RMS de referencia: 24 W (dos unidades de 12 W cada una)<\/li>\r\n \t<li>Caracter\u00edsticas especiales: dise\u00f1o de sonido omnidireccional de 360 \u200b\u200b\u00b0<\/li>\r\n \t<li>Tiempo en espera: aprox.\u00a0180 d\u00edas<\/li>\r\n<\/ul>\r\n<\/div>\r\n<div class=\"col-lg-6\">\r\n<div><i class=\"interna_icon\"><img decoding=\"async\" class=\"\" title=\"Altavoz\" src=\"https:\/\/www.klipxtreme.com\/media\/Icon-Speaker-grupo.png\" alt=\"Icon-Speaker-grupo.png\" width=\"35\" height=\"44\" \/>\u00a0<span class=\"title-specs\">Altavoz<\/span><\/i><\/div>\r\n<div>\r\n<ul>\r\n \t<li>Unidad de controlador: 40 mm (cada altavoz)<\/li>\r\n \t<li>Potencia RMS de referencia: 4 canales de 3 W cada uno (proporciona 12 W por altavoz) 24 W en total para las dos unidades combinadas<\/li>\r\n<\/ul>\r\n<\/div>\r\n<\/div>\r\n<div class=\"col-lg-6\">\r\n<div><i class=\"interna_icon\"><img decoding=\"async\" class=\"\" title=\"Micr\u00f3fono\" src=\"https:\/\/www.klipxtreme.com\/media\/Icon-Microphone-grupo.png\" alt=\"Icon-Microphone-grupo.png\" width=\"36\" height=\"36\" \/>\u00a0<span class=\"title-specs\">Micr\u00f3fono<\/span><\/i><\/div>\r\n<div>\r\n<ul>\r\n \t<li>Directividad: omnidireccional<\/li>\r\n<\/ul>\r\n<\/div>\r\n<\/div>\r\n<div class=\"col-lg-6\">\r\n<div><i class=\"interna_icon\"><img loading=\"lazy\" decoding=\"async\" class=\"\" title=\"Conectividad\" src=\"https:\/\/www.klipxtreme.com\/media\/Icon-Connectivity-grupo.png\" alt=\"Icon-Connectivity-grupo.png\" width=\"36\" height=\"36\" \/>\u00a0<span class=\"title-specs\">Conectividad<\/span><\/i><\/div>\r\n<div>\r\n<ul>\r\n \t<li>Entrada auxiliar: conector est\u00e9reo de 3.5 mm<\/li>\r\n \t<li>Tipo de conexi\u00f3n: Bluetooth V4.2<\/li>\r\n \t<li>Alcance inal\u00e1mbrico: 33 pies<\/li>\r\n<\/ul>\r\n<\/div>\r\n<\/div>\r\n<div class=\"col-lg-6\">\r\n<div><i class=\"interna_icon\"><img loading=\"lazy\" decoding=\"async\" class=\"\" title=\"Bater\u00eda\" src=\"https:\/\/www.klipxtreme.com\/media\/Icon-Battery-grupo.png\" alt=\"Icon-Battery-grupo.png\" width=\"45\" height=\"24\" \/>\u00a0<span class=\"title-specs\">Bater\u00eda<\/span><\/i><\/div>\r\n<div>\r\n<ul>\r\n \t<li>Tipo de bater\u00eda: bater\u00eda de iones de litio de 2400 mAh cada altavoz<\/li>\r\n \t<li>M\u00e9todo de carga: micro-USB<\/li>\r\n \t<li>Tiempo de carga: 4-5 horas<\/li>\r\n \t<li>Tiempo de ejecuci\u00f3n: 10-12 horas<\/li>\r\n<\/ul>\r\n<\/div>\r\n<\/div>\r\n<div class=\"col-lg-6\">\r\n<div><i class=\"interna_icon\"><img loading=\"lazy\" decoding=\"async\" class=\"\" title=\"Informaci\u00f3n Adicional\" src=\"https:\/\/www.klipxtreme.com\/media\/Icon-Additional-information-grupo.png\" alt=\"Icon-Additional-information-grupo.png\" width=\"36\" height=\"36\" \/>\u00a0<span class=\"title-specs\">Informaci\u00f3n Adicional<\/span><\/i><\/div>\r\n<div>\r\n<ul>\r\n \t<li>Longitud del cable: 19.68in<\/li>\r\n \t<li>Dimensiones: 4.72 \u00d7 4.72 \u00d7 2.36in<\/li>\r\n \t<li>Garant\u00eda: limitada por un a\u00f1o<\/li>\r\n<\/ul>\r\n<\/div>\r\n<\/div>\t\t\t\t\t\t\t\t<\/div>\n\t\t\t\t<div class=\"elementor-element elementor-element-d3bee03 elementor-arrows-position-inside elementor-pagination-position-outside elementor-widget elementor-widget-image-carousel\" data-id=\"d3bee03\" data-element_type=\"widget\" data-e-type=\"widget\" data-settings=\"{&quot;slides_to_show&quot;:&quot;4&quot;,&quot;navigation&quot;:&quot;both&quot;,&quot;autoplay&quot;:&quot;yes&quot;,&quot;pause_on_hover&quot;:&quot;yes&quot;,&quot;pause_on_interaction&quot;:&quot;yes&quot;,&quot;autoplay_speed&quot;:5000,&quot;infinite&quot;:&quot;yes&quot;,&quot;speed&quot;:500}\" data-widget_type=\"image-carousel.default\">\n\t\t\t\t\t\t\t<div class=\"elementor-image-carousel-wrapper swiper\" role=\"region\" aria-roledescription=\"carousel\" aria-label=\"Carrusel de im\u00e1genes\" dir=\"ltr\">\n\t\t\t<div class=\"elementor-image-carousel swiper-wrapper\" aria-live=\"off\">\n\t\t\t\t\t\t\t\t<div class=\"swiper-slide\" role=\"group\" aria-roledescription=\"slide\" aria-label=\"1 de 9\"><figure class=\"swiper-slide-inner\"><img decoding=\"async\" class=\"swiper-slide-image\" src=\"https:\/\/comcellstore.com\/wp-content\/uploads\/2020\/05\/52908229_2312649012087519_5047723437758349312_n-300x300.jpg\" alt=\"52908229_2312649012087519_5047723437758349312_n\" \/><\/figure><\/div><div class=\"swiper-slide\" role=\"group\" aria-roledescription=\"slide\" aria-label=\"2 de 9\"><figure class=\"swiper-slide-inner\"><img decoding=\"async\" class=\"swiper-slide-image\" src=\"https:\/\/comcellstore.com\/wp-content\/uploads\/2020\/05\/77226321_2836257389726676_4202297346454716416_o-300x300.jpg\" alt=\"77226321_2836257389726676_4202297346454716416_o\" \/><\/figure><\/div><div class=\"swiper-slide\" role=\"group\" aria-roledescription=\"slide\" aria-label=\"3 de 9\"><figure class=\"swiper-slide-inner\"><img decoding=\"async\" class=\"swiper-slide-image\" src=\"https:\/\/comcellstore.com\/wp-content\/uploads\/2020\/05\/2-13-300x300.jpg\" alt=\"2\" \/><\/figure><\/div><div class=\"swiper-slide\" role=\"group\" aria-roledescription=\"slide\" aria-label=\"4 de 9\"><figure class=\"swiper-slide-inner\"><img decoding=\"async\" class=\"swiper-slide-image\" src=\"https:\/\/comcellstore.com\/wp-content\/uploads\/2020\/05\/1-14-300x300.jpg\" alt=\"1\" \/><\/figure><\/div><div class=\"swiper-slide\" role=\"group\" aria-roledescription=\"slide\" aria-label=\"5 de 9\"><figure class=\"swiper-slide-inner\"><img decoding=\"async\" class=\"swiper-slide-image\" src=\"https:\/\/comcellstore.com\/wp-content\/uploads\/2020\/05\/4-13-300x300.jpg\" alt=\"4\" \/><\/figure><\/div><div class=\"swiper-slide\" role=\"group\" aria-roledescription=\"slide\" aria-label=\"6 de 9\"><figure class=\"swiper-slide-inner\"><img decoding=\"async\" class=\"swiper-slide-image\" src=\"https:\/\/comcellstore.com\/wp-content\/uploads\/2020\/05\/60089929_2441490172536735_8567616030669537280_n-300x300.png\" alt=\"60089929_2441490172536735_8567616030669537280_n\" \/><\/figure><\/div><div class=\"swiper-slide\" role=\"group\" aria-roledescription=\"slide\" aria-label=\"7 de 9\"><figure class=\"swiper-slide-inner\"><img decoding=\"async\" class=\"swiper-slide-image\" src=\"https:\/\/comcellstore.com\/wp-content\/uploads\/2020\/05\/3-13-300x300.jpg\" alt=\"3\" \/><\/figure><\/div><div class=\"swiper-slide\" role=\"group\" aria-roledescription=\"slide\" aria-label=\"8 de 9\"><figure class=\"swiper-slide-inner\"><img decoding=\"async\" class=\"swiper-slide-image\" src=\"https:\/\/comcellstore.com\/wp-content\/uploads\/2020\/05\/47119201_2186251984727223_6256942707961233408_n-300x300.jpg\" alt=\"47119201_2186251984727223_6256942707961233408_n\" \/><\/figure><\/div><div class=\"swiper-slide\" role=\"group\" aria-roledescription=\"slide\" aria-label=\"9 de 9\"><figure class=\"swiper-slide-inner\"><img decoding=\"async\" class=\"swiper-slide-image\" src=\"https:\/\/comcellstore.com\/wp-content\/uploads\/2020\/05\/62078641_2481834745168944_7169667934611046400_n-300x300.png\" alt=\"62078641_2481834745168944_7169667934611046400_n\" \/><\/figure><\/div>\t\t\t<\/div>\n\t\t\t\t\t\t\t\t\t\t\t\t<div class=\"elementor-swiper-button elementor-swiper-button-prev\" role=\"button\" tabindex=\"0\">\n\t\t\t\t\t\t<svg aria-hidden=\"true\" class=\"e-font-icon-svg e-eicon-chevron-left\" viewBox=\"0 0 1000 1000\" xmlns=\"http:\/\/www.w3.org\/2000\/svg\"><path d=\"M646 125C629 125 613 133 604 142L308 442C296 454 292 471 292 487 292 504 296 521 308 533L604 854C617 867 629 875 646 875 663 875 679 871 692 858 704 846 713 829 713 812 713 796 708 779 692 767L438 487 692 225C700 217 708 204 708 187 708 171 704 154 692 142 675 129 663 125 646 125Z\"><\/path><\/svg>\t\t\t\t\t<\/div>\n\t\t\t\t\t<div class=\"elementor-swiper-button elementor-swiper-button-next\" role=\"button\" tabindex=\"0\">\n\t\t\t\t\t\t<svg aria-hidden=\"true\" class=\"e-font-icon-svg e-eicon-chevron-right\" viewBox=\"0 0 1000 1000\" xmlns=\"http:\/\/www.w3.org\/2000\/svg\"><path d=\"M696 533C708 521 713 504 713 487 713 471 708 454 696 446L400 146C388 133 375 125 354 125 338 125 325 129 313 142 300 154 292 171 292 187 292 204 296 221 308 233L563 492 304 771C292 783 288 800 288 817 288 833 296 850 308 863 321 871 338 875 354 875 371 875 388 867 400 854L696 533Z\"><\/path><\/svg>\t\t\t\t\t<\/div>\n\t\t\t\t\n\t\t\t\t\t\t\t\t\t<div class=\"swiper-pagination\"><\/div>\n\t\t\t\t\t\t\t\t\t<\/div>\n\t\t\t\t\t\t<\/div>\n\t\t\t\t\t<\/div>\n\t\t<\/div>\n\t\t\t\t\t<\/div>\n\t\t<\/section>\n\t\t\t\t<\/div>\n\t\t","protected":false},"excerpt":{"rendered":"<div>\n<h2><span style=\"color: #33cccc;\">Explosi\u00f3n del mejor sonido, en todas las direcciones.<\/span><\/h2>\n<\/div>\n<p>A diferencia de los altavoces convencionales que proyectan el sonido en una sola direcci\u00f3n, el conjunto KWS-015 te sumerge en 360 grados de excelente audio.\u00a0Con dos potentes altavoces de 12 vatios con 4 controladores cada uno, este par crea una verdadera experiencia de sonido envolvente para toda su m\u00fasica, pel\u00edculas y juegos.\u00a0La tecnolog\u00eda de emparejamiento dual, conocida como True Wireless Stereo, conectar\u00e1 un altavoz al otro, permitiendo la transmisi\u00f3n de audio a trav\u00e9s de ambas unidades simult\u00e1neamente.\u00a0Su acabado de goma le da al altavoz un aspecto moderno, que se complementa con brillantes controles retroiluminados que son suaves al tacto.\u00a0\u00a1Con tantas caracter\u00edsticas, puede esperar un mayor nivel de ac\u00fastica y dise\u00f1o con este exclusivo conjunto de altavoces gemelos TWS de Klip Xtreme!<\/p>\n<ul>\n<li>Conjunto de dos altavoces con capacidad TWS, dise\u00f1ados para conectar y transmitir audio a trav\u00e9s de ambas unidades simult\u00e1neamente<\/li>\n<li>24 vatios de potencia de salida total dispersos 360 grados, para llenar uniformemente toda una habitaci\u00f3n con un sonido incre\u00edble<\/li>\n<li>La versi\u00f3n avanzada de Bluetooth 4.2 mejora el rendimiento inal\u00e1mbrico y la eficiencia energ\u00e9tica.<\/li>\n<li>Micr\u00f3fono incorporado para conversaciones manos libres.<\/li>\n<li>Cada altavoz est\u00e1 equipado con una bater\u00eda de 2400 mAh para un promedio de 12 horas de funcionamiento continuo.<\/li>\n<li>Una entrada auxiliar permite la conexi\u00f3n a cualquier dispositivo equipado con un conector de audio de 3.5 mm (para reproducci\u00f3n con cable)<\/li>\n<li>El acabado de goma suave, junto con las rejillas de los altavoces cubiertas de tela, brinda protecci\u00f3n con un aspecto muy moderno<\/li>\n<\/ul>\n","protected":false},"featured_media":846,"comment_status":"open","ping_status":"closed","template":"","meta":[],"product_brand":[],"product_cat":[42,45],"product_tag":[],"class_list":{"0":"post-840","1":"product","2":"type-product","3":"status-publish","4":"has-post-thumbnail","6":"product_cat-equipos-de-sonido","7":"product_cat-parlantes-portatiles","9":"first","10":"instock","11":"sale","12":"taxable","13":"shipping-taxable","14":"purchasable","15":"product-type-simple"},"_links":{"self":[{"href":"https:\/\/comcellstore.com\/index.php?rest_route=\/wp\/v2\/product\/840","targetHints":{"allow":["GET"]}}],"collection":[{"href":"https:\/\/comcellstore.com\/index.php?rest_route=\/wp\/v2\/product"}],"about":[{"href":"https:\/\/comcellstore.com\/index.php?rest_route=\/wp\/v2\/types\/product"}],"replies":[{"embeddable":true,"href":"https:\/\/comcellstore.com\/index.php?rest_route=%2Fwp%2Fv2%2Fcomments&post=840"}],"version-history":[{"count":4,"href":"https:\/\/comcellstore.com\/index.php?rest_route=\/wp\/v2\/product\/840\/revisions"}],"predecessor-version":[{"id":6053,"href":"https:\/\/comcellstore.com\/index.php?rest_route=\/wp\/v2\/product\/840\/revisions\/6053"}],"wp:featuredmedia":[{"embeddable":true,"href":"https:\/\/comcellstore.com\/index.php?rest_route=\/wp\/v2\/media\/846"}],"wp:attachment":[{"href":"https:\/\/comcellstore.com\/index.php?rest_route=%2Fwp%2Fv2%2Fmedia&parent=840"}],"wp:term":[{"taxonomy":"product_brand","embeddable":true,"href":"https:\/\/comcellstore.com\/index.php?rest_route=%2Fwp%2Fv2%2Fproduct_brand&post=840"},{"taxonomy":"product_cat","embeddable":true,"href":"https:\/\/comcellstore.com\/index.php?rest_route=%2Fwp%2Fv2%2Fproduct_cat&post=840"},{"taxonomy":"product_tag","embeddable":true,"href":"https:\/\/comcellstore.com\/index.php?rest_route=%2Fwp%2Fv2%2Fproduct_tag&post=840"}],"curies":[{"name":"wp","href":"https:\/\/api.w.org\/{rel}","templated":true}]}}