{"id":8505,"date":"2023-04-12T15:03:36","date_gmt":"2023-04-12T15:03:36","guid":{"rendered":"https:\/\/comcellstore.com\/?post_type=product&#038;p=8505"},"modified":"2024-06-26T19:23:33","modified_gmt":"2024-06-26T19:23:33","slug":"voltvlt-a018","status":"publish","type":"product","link":"https:\/\/comcellstore.com\/?product=voltvlt-a018","title":{"rendered":"VOLT<BR>VLT-A018"},"content":{"rendered":"\t\t<div data-elementor-type=\"product-post\" data-elementor-id=\"8505\" class=\"elementor elementor-8505\" data-elementor-post-type=\"product\">\n\t\t\t\t\t\t<section class=\"elementor-section elementor-top-section elementor-element elementor-element-4ee83765 elementor-section-boxed elementor-section-height-default elementor-section-height-default\" data-id=\"4ee83765\" data-element_type=\"section\">\n\t\t\t\t\t\t<div class=\"elementor-container elementor-column-gap-default\">\n\t\t\t\t\t<div class=\"elementor-column elementor-col-100 elementor-top-column elementor-element elementor-element-51f609a7\" data-id=\"51f609a7\" data-element_type=\"column\">\n\t\t\t<div class=\"elementor-widget-wrap elementor-element-populated\">\n\t\t\t\t\t\t<div class=\"elementor-element elementor-element-2e892c26 elementor-widget elementor-widget-text-editor\" data-id=\"2e892c26\" data-element_type=\"widget\" data-widget_type=\"text-editor.default\">\n\t\t\t\t\t\t\t\t\t<ul>\n \t<li>Est\u00e1ndares: 2.4GHz IEEE802.11n, IEEE802.11g, IEEE 802.11b 5.0GHz: IEEE 802.11ac, IEEE 802.11n, IEEE 802.11\u00aa<\/li>\n \t<li>Interfaz: USB 2.0<\/li>\n \t<li>Antena: Dos internas, de 2dBi<\/li>\n \t<li>Velocidad inal\u00e1mbrica: 11ac: 433Mbps \/ 11n: 150Mbps<\/li>\n \t<li>Frecuencia: 2.4GHz\/5GHz<\/li>\n \t<li>Potencia de transmisi\u00f3n: 16dBm (m\u00e1x.)<\/li>\n \t<li>Sistema operativo compatible: Plataforma Windows y Mac OS<\/li>\n<\/ul>\t\t\t\t\t\t\t\t<\/div>\n\t\t\t\t<div class=\"elementor-element elementor-element-b72fd11 elementor-arrows-position-inside elementor-pagination-position-outside elementor-widget elementor-widget-image-carousel\" data-id=\"b72fd11\" data-element_type=\"widget\" data-settings=\"{&quot;navigation&quot;:&quot;both&quot;,&quot;autoplay&quot;:&quot;yes&quot;,&quot;pause_on_hover&quot;:&quot;yes&quot;,&quot;pause_on_interaction&quot;:&quot;yes&quot;,&quot;autoplay_speed&quot;:5000,&quot;infinite&quot;:&quot;yes&quot;,&quot;speed&quot;:500}\" data-widget_type=\"image-carousel.default\">\n\t\t\t\t\t\t\t<div class=\"elementor-image-carousel-wrapper swiper\" role=\"region\" aria-roledescription=\"carousel\" aria-label=\"Carrusel de im\u00e1genes\" dir=\"ltr\">\n\t\t\t<div class=\"elementor-image-carousel swiper-wrapper\" aria-live=\"off\">\n\t\t\t\t\t\t\t\t<div class=\"swiper-slide\" role=\"group\" aria-roledescription=\"slide\" aria-label=\"1 de 6\"><figure class=\"swiper-slide-inner\"><img decoding=\"async\" class=\"swiper-slide-image\" src=\"https:\/\/comcellstore.com\/wp-content\/uploads\/2023\/04\/D_NQ_NP_2X_854786-MLC45763960066_042021-F-300x289.jpg\" alt=\"D_NQ_NP_2X_854786-MLC45763960066_042021-F\" \/><\/figure><\/div><div class=\"swiper-slide\" role=\"group\" aria-roledescription=\"slide\" aria-label=\"2 de 6\"><figure class=\"swiper-slide-inner\"><img decoding=\"async\" class=\"swiper-slide-image\" src=\"https:\/\/comcellstore.com\/wp-content\/uploads\/2023\/04\/D_NQ_NP_2X_806163-MLC45763717660_042021-F-300x300.jpg\" alt=\"D_NQ_NP_2X_806163-MLC45763717660_042021-F\" \/><\/figure><\/div><div class=\"swiper-slide\" role=\"group\" aria-roledescription=\"slide\" aria-label=\"3 de 6\"><figure class=\"swiper-slide-inner\"><img decoding=\"async\" class=\"swiper-slide-image\" src=\"https:\/\/comcellstore.com\/wp-content\/uploads\/2023\/04\/D_NQ_NP_2X_763682-MLC45763717661_042021-F-300x300.jpg\" alt=\"D_NQ_NP_2X_763682-MLC45763717661_042021-F\" \/><\/figure><\/div><div class=\"swiper-slide\" role=\"group\" aria-roledescription=\"slide\" aria-label=\"4 de 6\"><figure class=\"swiper-slide-inner\"><img decoding=\"async\" class=\"swiper-slide-image\" src=\"https:\/\/comcellstore.com\/wp-content\/uploads\/2023\/04\/D_NQ_NP_2X_690795-MLC45763910357_042021-F-287x300.jpg\" alt=\"D_NQ_NP_2X_690795-MLC45763910357_042021-F\" \/><\/figure><\/div><div class=\"swiper-slide\" role=\"group\" aria-roledescription=\"slide\" aria-label=\"5 de 6\"><figure class=\"swiper-slide-inner\"><img decoding=\"async\" class=\"swiper-slide-image\" src=\"https:\/\/comcellstore.com\/wp-content\/uploads\/2023\/04\/D_NQ_NP_2X_690393-MLC45763678812_042021-F-289x300.jpg\" alt=\"D_NQ_NP_2X_690393-MLC45763678812_042021-F\" \/><\/figure><\/div><div class=\"swiper-slide\" role=\"group\" aria-roledescription=\"slide\" aria-label=\"6 de 6\"><figure class=\"swiper-slide-inner\"><img decoding=\"async\" class=\"swiper-slide-image\" src=\"https:\/\/comcellstore.com\/wp-content\/uploads\/2023\/04\/D_NQ_NP_2X_630009-MLC45763678813_042021-F-300x300.jpg\" alt=\"D_NQ_NP_2X_630009-MLC45763678813_042021-F\" \/><\/figure><\/div>\t\t\t<\/div>\n\t\t\t\t\t\t\t\t\t\t\t\t<div class=\"elementor-swiper-button elementor-swiper-button-prev\" role=\"button\" tabindex=\"0\">\n\t\t\t\t\t\t<svg aria-hidden=\"true\" class=\"e-font-icon-svg e-eicon-chevron-left\" viewBox=\"0 0 1000 1000\" xmlns=\"http:\/\/www.w3.org\/2000\/svg\"><path d=\"M646 125C629 125 613 133 604 142L308 442C296 454 292 471 292 487 292 504 296 521 308 533L604 854C617 867 629 875 646 875 663 875 679 871 692 858 704 846 713 829 713 812 713 796 708 779 692 767L438 487 692 225C700 217 708 204 708 187 708 171 704 154 692 142 675 129 663 125 646 125Z\"><\/path><\/svg>\t\t\t\t\t<\/div>\n\t\t\t\t\t<div class=\"elementor-swiper-button elementor-swiper-button-next\" role=\"button\" tabindex=\"0\">\n\t\t\t\t\t\t<svg aria-hidden=\"true\" class=\"e-font-icon-svg e-eicon-chevron-right\" viewBox=\"0 0 1000 1000\" xmlns=\"http:\/\/www.w3.org\/2000\/svg\"><path d=\"M696 533C708 521 713 504 713 487 713 471 708 454 696 446L400 146C388 133 375 125 354 125 338 125 325 129 313 142 300 154 292 171 292 187 292 204 296 221 308 233L563 492 304 771C292 783 288 800 288 817 288 833 296 850 308 863 321 871 338 875 354 875 371 875 388 867 400 854L696 533Z\"><\/path><\/svg>\t\t\t\t\t<\/div>\n\t\t\t\t\n\t\t\t\t\t\t\t\t\t<div class=\"swiper-pagination\"><\/div>\n\t\t\t\t\t\t\t\t\t<\/div>\n\t\t\t\t\t\t<\/div>\n\t\t\t\t\t<\/div>\n\t\t<\/div>\n\t\t\t\t\t<\/div>\n\t\t<\/section>\n\t\t\t\t<\/div>\n\t\t","protected":false},"excerpt":{"rendered":"<h2>Adaptador Wifi 600AC USB 2.0 para PC<\/h2>\n<p>El VLT-A019 es la nueva generaci\u00f3n de adaptadores USB inal\u00e1mbricos AC de doble banda que se incorpora a la familia de Volt. Ahora puede compatibilizar su computador o notebook con el \u00faltimo protocolo 11ac, a llegar a alcanzar velocidades de transferencia de hasta 433Mbps en la banda de 5GHz y 150Mbps, en la de 2.4GHz. Con 600Mbps en 150Mbps, en la de 2.4GHz. Con 600Mbps en total a trav\u00e9s del flujo simult\u00e1neo por ambas bandas, permite navegar por la web, abrir el correo electr\u00f3nico, bajar videos en alta definici\u00f3n, acceder a aplicaciones de medios para m\u00f3vil as\u00ed como juegos, videos en l\u00ednea con toda fluidez.<\/p>\n","protected":false},"featured_media":8506,"comment_status":"closed","ping_status":"closed","template":"","meta":[],"product_brand":[],"product_cat":[68,54,74],"product_tag":[],"class_list":{"0":"post-8505","1":"product","2":"type-product","3":"status-publish","4":"has-post-thumbnail","6":"product_cat-adaptadores","7":"product_cat-routers-switch-repetidor-universal-adaptadores","8":"product_cat-routers","10":"first","11":"outofstock","12":"taxable","13":"shipping-taxable","14":"purchasable","15":"product-type-simple"},"_links":{"self":[{"href":"https:\/\/comcellstore.com\/index.php?rest_route=\/wp\/v2\/product\/8505","targetHints":{"allow":["GET"]}}],"collection":[{"href":"https:\/\/comcellstore.com\/index.php?rest_route=\/wp\/v2\/product"}],"about":[{"href":"https:\/\/comcellstore.com\/index.php?rest_route=\/wp\/v2\/types\/product"}],"replies":[{"embeddable":true,"href":"https:\/\/comcellstore.com\/index.php?rest_route=%2Fwp%2Fv2%2Fcomments&post=8505"}],"version-history":[{"count":4,"href":"https:\/\/comcellstore.com\/index.php?rest_route=\/wp\/v2\/product\/8505\/revisions"}],"predecessor-version":[{"id":8520,"href":"https:\/\/comcellstore.com\/index.php?rest_route=\/wp\/v2\/product\/8505\/revisions\/8520"}],"wp:featuredmedia":[{"embeddable":true,"href":"https:\/\/comcellstore.com\/index.php?rest_route=\/wp\/v2\/media\/8506"}],"wp:attachment":[{"href":"https:\/\/comcellstore.com\/index.php?rest_route=%2Fwp%2Fv2%2Fmedia&parent=8505"}],"wp:term":[{"taxonomy":"product_brand","embeddable":true,"href":"https:\/\/comcellstore.com\/index.php?rest_route=%2Fwp%2Fv2%2Fproduct_brand&post=8505"},{"taxonomy":"product_cat","embeddable":true,"href":"https:\/\/comcellstore.com\/index.php?rest_route=%2Fwp%2Fv2%2Fproduct_cat&post=8505"},{"taxonomy":"product_tag","embeddable":true,"href":"https:\/\/comcellstore.com\/index.php?rest_route=%2Fwp%2Fv2%2Fproduct_tag&post=8505"}],"curies":[{"name":"wp","href":"https:\/\/api.w.org\/{rel}","templated":true}]}}