{"id":8681,"date":"2023-04-12T19:18:52","date_gmt":"2023-04-12T19:18:52","guid":{"rendered":"https:\/\/comcellstore.com\/?post_type=product&#038;p=8681"},"modified":"2025-01-21T15:56:41","modified_gmt":"2025-01-21T15:56:41","slug":"voltvlt-br013","status":"publish","type":"product","link":"https:\/\/comcellstore.com\/?product=voltvlt-br013","title":{"rendered":"VOLT<BR>VLT-BR013"},"content":{"rendered":"<ul>\n<li>Tama\u00f1o: 32\u201d a 70\u201d<\/li>\n<li>Capacidad de Carga: 50 Kg.<\/li>\n<li>Compatible Vesa: Hasta 600x 400 m m<\/li>\n<li>Angulo de inclinaci\u00f3n: 15\u00aa<\/li>\n<li>Dimensiones: 69.5\u00d739.2\u00d719.5<\/li>\n<li>Material: Acero<\/li>\n<li>Peso: 4.8 Kg.<\/li>\n<li>Color: Negro<\/li>\n<\/ul>\n","protected":false},"excerpt":{"rendered":"<h2>Soporte con inclinaci\u00f3n y giro 32\u201d a 70\u201d<\/h2>\n<p>Volt te proporciona este soporte giratorio e inclinable articulado dise\u00f1ado para montar firmemente pantallas LED\/LCD y de plasma de hasta 70 pulgadas, Compatible con VESA compatible con televisores curvos est\u00e1ndar y de \u00faltima generaci\u00f3n, Los brazos dobles garantizan la instalaci\u00f3n segura de la pantalla, y disfrutar de tus pel\u00edculas en tu tv.<\/p>\n","protected":false},"featured_media":8682,"comment_status":"closed","ping_status":"closed","template":"","meta":[],"product_brand":[],"product_cat":[100,55,93],"product_tag":[],"class_list":{"0":"post-8681","1":"product","2":"type-product","3":"status-publish","4":"has-post-thumbnail","6":"product_cat-soporte-monitores","7":"product_cat-soportes","8":"product_cat-tv","10":"first","11":"outofstock","12":"taxable","13":"shipping-taxable","14":"purchasable","15":"product-type-simple"},"_links":{"self":[{"href":"https:\/\/comcellstore.com\/index.php?rest_route=\/wp\/v2\/product\/8681","targetHints":{"allow":["GET"]}}],"collection":[{"href":"https:\/\/comcellstore.com\/index.php?rest_route=\/wp\/v2\/product"}],"about":[{"href":"https:\/\/comcellstore.com\/index.php?rest_route=\/wp\/v2\/types\/product"}],"replies":[{"embeddable":true,"href":"https:\/\/comcellstore.com\/index.php?rest_route=%2Fwp%2Fv2%2Fcomments&post=8681"}],"version-history":[{"count":1,"href":"https:\/\/comcellstore.com\/index.php?rest_route=\/wp\/v2\/product\/8681\/revisions"}],"predecessor-version":[{"id":8685,"href":"https:\/\/comcellstore.com\/index.php?rest_route=\/wp\/v2\/product\/8681\/revisions\/8685"}],"wp:featuredmedia":[{"embeddable":true,"href":"https:\/\/comcellstore.com\/index.php?rest_route=\/wp\/v2\/media\/8682"}],"wp:attachment":[{"href":"https:\/\/comcellstore.com\/index.php?rest_route=%2Fwp%2Fv2%2Fmedia&parent=8681"}],"wp:term":[{"taxonomy":"product_brand","embeddable":true,"href":"https:\/\/comcellstore.com\/index.php?rest_route=%2Fwp%2Fv2%2Fproduct_brand&post=8681"},{"taxonomy":"product_cat","embeddable":true,"href":"https:\/\/comcellstore.com\/index.php?rest_route=%2Fwp%2Fv2%2Fproduct_cat&post=8681"},{"taxonomy":"product_tag","embeddable":true,"href":"https:\/\/comcellstore.com\/index.php?rest_route=%2Fwp%2Fv2%2Fproduct_tag&post=8681"}],"curies":[{"name":"wp","href":"https:\/\/api.w.org\/{rel}","templated":true}]}}