{"id":8686,"date":"2023-04-12T19:20:51","date_gmt":"2023-04-12T19:20:51","guid":{"rendered":"https:\/\/comcellstore.com\/?post_type=product&#038;p=8686"},"modified":"2023-06-07T14:57:23","modified_gmt":"2023-06-07T14:57:23","slug":"voltvlt-br012","status":"publish","type":"product","link":"https:\/\/comcellstore.com\/?product=voltvlt-br012","title":{"rendered":"VOLT<BR>VLT-BR012"},"content":{"rendered":"<ul>\n<li>Tama\u00f1o: 14\u201d a 42\u201d<\/li>\n<li>Capacidad de Carga: 30 Kg.<\/li>\n<li>Compatible Vesa: Hasta 400 x 400 mm<\/li>\n<li>Angulo de inclinaci\u00f3n: 5\u00aa \u2013 15\u00aa<\/li>\n<li>Angulo de Giro: 180\u00aa<\/li>\n<li>Dimensiones: 66.5x30x24<\/li>\n<li>Material: Acero<\/li>\n<li>Peso: 3 Kg.<\/li>\n<li>Color: Negro<\/li>\n<\/ul>\n","protected":false},"excerpt":{"rendered":"<h2>Soporte con inclinaci\u00f3n y giro 14\u201d a 42\u201d<\/h2>\n<p>Volt te proporciona este soporte con inclinaci\u00f3n dise\u00f1ado para montar firmemente pantallas LED\/LCD y de plasma de hasta 42 pulgadas, S\u00f3lida estructura de acero de gran espesor, Puede inclinarse 15 grados para obtener el \u00e1ngulo de visi\u00f3n perfecto.<\/p>\n","protected":false},"featured_media":8687,"comment_status":"closed","ping_status":"closed","template":"","meta":[],"product_brand":[],"product_cat":[100,55,93],"product_tag":[],"class_list":{"0":"post-8686","1":"product","2":"type-product","3":"status-publish","4":"has-post-thumbnail","6":"product_cat-soporte-monitores","7":"product_cat-soportes","8":"product_cat-tv","10":"first","11":"outofstock","12":"taxable","13":"shipping-taxable","14":"purchasable","15":"product-type-simple"},"_links":{"self":[{"href":"https:\/\/comcellstore.com\/index.php?rest_route=\/wp\/v2\/product\/8686","targetHints":{"allow":["GET"]}}],"collection":[{"href":"https:\/\/comcellstore.com\/index.php?rest_route=\/wp\/v2\/product"}],"about":[{"href":"https:\/\/comcellstore.com\/index.php?rest_route=\/wp\/v2\/types\/product"}],"replies":[{"embeddable":true,"href":"https:\/\/comcellstore.com\/index.php?rest_route=%2Fwp%2Fv2%2Fcomments&post=8686"}],"version-history":[{"count":1,"href":"https:\/\/comcellstore.com\/index.php?rest_route=\/wp\/v2\/product\/8686\/revisions"}],"predecessor-version":[{"id":8690,"href":"https:\/\/comcellstore.com\/index.php?rest_route=\/wp\/v2\/product\/8686\/revisions\/8690"}],"wp:featuredmedia":[{"embeddable":true,"href":"https:\/\/comcellstore.com\/index.php?rest_route=\/wp\/v2\/media\/8687"}],"wp:attachment":[{"href":"https:\/\/comcellstore.com\/index.php?rest_route=%2Fwp%2Fv2%2Fmedia&parent=8686"}],"wp:term":[{"taxonomy":"product_brand","embeddable":true,"href":"https:\/\/comcellstore.com\/index.php?rest_route=%2Fwp%2Fv2%2Fproduct_brand&post=8686"},{"taxonomy":"product_cat","embeddable":true,"href":"https:\/\/comcellstore.com\/index.php?rest_route=%2Fwp%2Fv2%2Fproduct_cat&post=8686"},{"taxonomy":"product_tag","embeddable":true,"href":"https:\/\/comcellstore.com\/index.php?rest_route=%2Fwp%2Fv2%2Fproduct_tag&post=8686"}],"curies":[{"name":"wp","href":"https:\/\/api.w.org\/{rel}","templated":true}]}}