{"id":9226,"date":"2024-03-21T13:15:47","date_gmt":"2024-03-21T13:15:47","guid":{"rendered":"https:\/\/comcellstore.com\/?post_type=product&#038;p=9226"},"modified":"2025-07-08T14:44:37","modified_gmt":"2025-07-08T14:44:37","slug":"xtech-xth-240auricular-usb-para-videoconferencias","status":"publish","type":"product","link":"https:\/\/comcellstore.com\/?product=xtech-xth-240auricular-usb-para-videoconferencias","title":{"rendered":"XTECH XTH-240<br>Auricular USB"},"content":{"rendered":"<div id=\"__BVID__1054\" class=\"tab-pane active\" role=\"tabpanel\" data-v-65763108=\"\" aria-hidden=\"false\" aria-labelledby=\"__BVID__1054___BV_tab_button__\">\n<div class=\"prod-specs\" data-v-65763108=\"\">\n<h3><span style=\"color: #000080;\">Caracter\u00edsticas:<\/span><\/h3>\n<ul>\n<li>Set de auriculares est\u00e9reo de dise\u00f1o liviano<\/li>\n<li>Micr\u00f3fono omnidireccional con brazo ajustable que rota hacia arriba y hacia abajo, adem\u00e1s se puede doblar para conseguir una ubicaci\u00f3n \u00f3ptima<\/li>\n<li>Diadema ajustable y almohadillas de espuma<\/li>\n<li>Ideal para socializar en l\u00ednea o videoconferencias<\/li>\n<\/ul>\n<p><b>Auricular<\/b><\/p>\n<ul>\n<li><strong>Factor de forma:\u00a0<\/strong>Supraaural<\/li>\n<li><b>Unidad del parlante:<\/b>\u00a0\u00f840mm<\/li>\n<li><b>M\u00e1xima potencia de salida:<\/b>\u00a040mW<\/li>\n<li><b>Frecuencia:<\/b>\u00a020Hz-20kHz<\/li>\n<li><b>Impedancia:<\/b>\u00a032\u03a9<\/li>\n<li><b>Sensibilidad:<\/b>\u00a093dB+\/-3dB<\/li>\n<li><b>Color:<\/b>\u00a0Negro<\/li>\n<\/ul>\n<p><b>Micr\u00f3fono<\/b><\/p>\n<ul>\n<li><b>Directividad:<\/b>\u00a0Omnidireccional<\/li>\n<li><b>Frecuencia:<\/b>\u00a050Hz-10kHz<\/li>\n<li><b>Impedancia:<\/b>\u00a0\u22642200K\u03a9<\/li>\n<li><b>Sensibilidad:<\/b>\u00a0-42dB+\/-3dB<\/li>\n<li><strong>Control del volumen:<\/strong> No<\/li>\n<\/ul>\n<p><strong>Conectividad<\/strong><\/p>\n<ul>\n<li><b>Tipo de conexi\u00f3n:<\/b>\u00a0USB<\/li>\n<\/ul>\n<p><b>Informaci\u00f3n adicional<\/b><\/p>\n<ul>\n<li><strong>Dimensiones del producto (LaxAnxAl)\u200b:<\/strong>\u00a016x13x4,2cm<\/li>\n<li><strong>Peso:<\/strong>\u00a076g<\/li>\n<li><b>Longitud del cable:<\/b>\u00a01.8m<\/li>\n<li><strong>Garant\u00eda:<\/strong>\u00a0Un\u00a0a\u00f1o<\/li>\n<\/ul>\n<\/div>\n<\/div>\n","protected":false},"excerpt":{"rendered":"<h2 class=\"font-weight-bold d-none d-md-block text-grey pl-3\" data-v-65763108=\"\">Auricular USB para videoconferencias<\/h2>\n<div class=\"bg-secondary p-4 p-md-5 d-flex flex-column justify-content-center align-items-center col-md-6 order-lg-1 col-12 order-1\" data-v-65763108=\"\">\n<p style=\"text-align: left;\">Set de auriculares est\u00e9reo de dise\u00f1o liviano con conexi\u00f3n USB, Micr\u00f3fono omnidireccional con brazo ajustable que rota hacia arriba y hacia abajo, adem\u00e1s se puede doblar para conseguir una ubicaci\u00f3n \u00f3ptima, Ideal para socializar en l\u00ednea o videoconferencias<\/p>\n<\/div>\n","protected":false},"featured_media":9232,"comment_status":"closed","ping_status":"closed","template":"","meta":[],"product_brand":[],"product_cat":[56,64,50],"product_tag":[],"class_list":{"0":"post-9226","1":"product","2":"type-product","3":"status-publish","4":"has-post-thumbnail","6":"product_cat-auriculares-mouse-teclados","7":"product_cat-auriculares-pc","8":"product_cat-auriculares-con-microfono","10":"first","11":"instock","12":"taxable","13":"shipping-taxable","14":"purchasable","15":"product-type-simple"},"_links":{"self":[{"href":"https:\/\/comcellstore.com\/index.php?rest_route=\/wp\/v2\/product\/9226","targetHints":{"allow":["GET"]}}],"collection":[{"href":"https:\/\/comcellstore.com\/index.php?rest_route=\/wp\/v2\/product"}],"about":[{"href":"https:\/\/comcellstore.com\/index.php?rest_route=\/wp\/v2\/types\/product"}],"replies":[{"embeddable":true,"href":"https:\/\/comcellstore.com\/index.php?rest_route=%2Fwp%2Fv2%2Fcomments&post=9226"}],"version-history":[{"count":3,"href":"https:\/\/comcellstore.com\/index.php?rest_route=\/wp\/v2\/product\/9226\/revisions"}],"predecessor-version":[{"id":9237,"href":"https:\/\/comcellstore.com\/index.php?rest_route=\/wp\/v2\/product\/9226\/revisions\/9237"}],"wp:featuredmedia":[{"embeddable":true,"href":"https:\/\/comcellstore.com\/index.php?rest_route=\/wp\/v2\/media\/9232"}],"wp:attachment":[{"href":"https:\/\/comcellstore.com\/index.php?rest_route=%2Fwp%2Fv2%2Fmedia&parent=9226"}],"wp:term":[{"taxonomy":"product_brand","embeddable":true,"href":"https:\/\/comcellstore.com\/index.php?rest_route=%2Fwp%2Fv2%2Fproduct_brand&post=9226"},{"taxonomy":"product_cat","embeddable":true,"href":"https:\/\/comcellstore.com\/index.php?rest_route=%2Fwp%2Fv2%2Fproduct_cat&post=9226"},{"taxonomy":"product_tag","embeddable":true,"href":"https:\/\/comcellstore.com\/index.php?rest_route=%2Fwp%2Fv2%2Fproduct_tag&post=9226"}],"curies":[{"name":"wp","href":"https:\/\/api.w.org\/{rel}","templated":true}]}}