{"id":9421,"date":"2024-06-26T21:00:54","date_gmt":"2024-06-26T21:00:54","guid":{"rendered":"https:\/\/comcellstore.com\/?post_type=product&#038;p=9421"},"modified":"2025-05-27T21:55:26","modified_gmt":"2025-05-27T21:55:26","slug":"xtech-xtk-505s","status":"publish","type":"product","link":"https:\/\/comcellstore.com\/?product=xtech-xtk-505s","title":{"rendered":"XTECH <br>XTK-505S"},"content":{"rendered":"<div id=\"__BVID__577\" class=\"tab-pane active\" role=\"tabpanel\" data-v-65763108=\"\" aria-hidden=\"false\" aria-labelledby=\"__BVID__577___BV_tab_button__\">\n<div class=\"prod-specs\" data-v-65763108=\"\">\n<div>\n<h3>Caracter\u00edsticas<\/h3>\n<ul>\n<li>Teclado de membrana para sesiones de juego m\u00e1s silenciosas<\/li>\n<li>Iluminaci\u00f3n LED de fondo con efecto multicolor para crear una perfecta atm\u00f3sfera de juego<\/li>\n<li>Conexi\u00f3n USB con configuraci\u00f3n autom\u00e1tica plug and play &#8211; No necesita instalaci\u00f3n de controladores ni de software<\/li>\n<li>12 teclas multimedia\u00a0para control y acceso instant\u00e1neo a tus archivos de m\u00fasica, v\u00eddeos, correo electr\u00f3nico y mucho m\u00e1s<\/li>\n<\/ul>\n<h3>Especificaciones<\/h3>\n<\/div>\n<div>\n<ul>\n<li><b>Tipo:\u00a0<\/b>Teclado al\u00e1mbrico para videojuegos<\/li>\n<li><b>Idioma:\u00a0<\/b>Espa\u00f1ol<\/li>\n<li><b>N\u00famero de teclas:<\/b>\u00a0105<\/li>\n<li><b>Teclas multimedia:\u00a0<\/b>12 mediante la tecla Fn para activar las siguientes funciones: Inicio, correo electr\u00f3nico, reproducci\u00f3n\/pausa, detener, retroceder, avanzar, subir volumen, bajar volumen, enmudecimiento, bloqueo del teclado y calculadora<\/li>\n<li><b>Interfaz:<\/b>\u00a0USB<\/li>\n<li><b>Luz de fondo:\u00a0<\/b>Iluminaci\u00f3n LED multicolor<\/li>\n<li><b>Indicadores:\u00a0<\/b>Bloqueo de teclas Num, May\u00fas y Despl<\/li>\n<li><b>Requisitos del sistema:<\/b>\u00a0Windows XP\/Vista\/7\/8\/10<\/li>\n<li><b>Dimensiones (LaxAnxAl):\u00a0<\/b>16,2&#215;44,1x3cm<\/li>\n<li><b>Peso:\u00a0<\/b>530,1g<\/li>\n<li><b>Longitud del cable:\u00a0<\/b>1,35m<\/li>\n<li><b>Garant\u00eda:\u00a0<\/b>Un a\u00f1o<\/li>\n<\/ul>\n<\/div>\n<\/div>\n<\/div>\n","protected":false},"excerpt":{"rendered":"<h2 class=\"font-weight-bold d-none d-md-block text-grey pl-3\"><span style=\"color: #33cccc;\">CHEVALIER | Teclado al\u00e1mbrico multimedia para videojuegos con iluminaci\u00f3n de fondo LED multicolor<\/span><\/h2>\n<p>Teclado para videojuegos con 12 teclas multimedia para control y acceso instant\u00e1neo a tus archivos de m\u00fasica, videos, correo electr\u00f3nico y mucho m\u00e1s, teclado al\u00e1mbrico de membrana para sesiones de juego m\u00e1s silenciosas, iluminaci\u00f3n LED de fondo con efecto multicolor para crear una perfecta atm\u00f3sfera de juego.<\/p>\n","protected":false},"featured_media":9422,"comment_status":"closed","ping_status":"closed","template":"","meta":[],"product_brand":[124],"product_cat":[76,56,57,79],"product_tag":[],"class_list":{"0":"post-9421","1":"product","2":"type-product","3":"status-publish","4":"has-post-thumbnail","6":"product_brand-xtech","7":"product_cat-accesorios-gaming","8":"product_cat-auriculares-mouse-teclados","9":"product_cat-auricularesteclados-mecanicos-ratones","10":"product_cat-teclado-gaming","12":"first","13":"instock","14":"sale","15":"taxable","16":"shipping-taxable","17":"purchasable","18":"product-type-simple"},"_links":{"self":[{"href":"https:\/\/comcellstore.com\/index.php?rest_route=\/wp\/v2\/product\/9421","targetHints":{"allow":["GET"]}}],"collection":[{"href":"https:\/\/comcellstore.com\/index.php?rest_route=\/wp\/v2\/product"}],"about":[{"href":"https:\/\/comcellstore.com\/index.php?rest_route=\/wp\/v2\/types\/product"}],"replies":[{"embeddable":true,"href":"https:\/\/comcellstore.com\/index.php?rest_route=%2Fwp%2Fv2%2Fcomments&post=9421"}],"version-history":[{"count":2,"href":"https:\/\/comcellstore.com\/index.php?rest_route=\/wp\/v2\/product\/9421\/revisions"}],"predecessor-version":[{"id":9938,"href":"https:\/\/comcellstore.com\/index.php?rest_route=\/wp\/v2\/product\/9421\/revisions\/9938"}],"wp:featuredmedia":[{"embeddable":true,"href":"https:\/\/comcellstore.com\/index.php?rest_route=\/wp\/v2\/media\/9422"}],"wp:attachment":[{"href":"https:\/\/comcellstore.com\/index.php?rest_route=%2Fwp%2Fv2%2Fmedia&parent=9421"}],"wp:term":[{"taxonomy":"product_brand","embeddable":true,"href":"https:\/\/comcellstore.com\/index.php?rest_route=%2Fwp%2Fv2%2Fproduct_brand&post=9421"},{"taxonomy":"product_cat","embeddable":true,"href":"https:\/\/comcellstore.com\/index.php?rest_route=%2Fwp%2Fv2%2Fproduct_cat&post=9421"},{"taxonomy":"product_tag","embeddable":true,"href":"https:\/\/comcellstore.com\/index.php?rest_route=%2Fwp%2Fv2%2Fproduct_tag&post=9421"}],"curies":[{"name":"wp","href":"https:\/\/api.w.org\/{rel}","templated":true}]}}