{"id":9426,"date":"2024-06-26T21:16:36","date_gmt":"2024-06-26T21:16:36","guid":{"rendered":"https:\/\/comcellstore.com\/?post_type=product&#038;p=9426"},"modified":"2025-05-27T21:21:05","modified_gmt":"2025-05-27T21:21:05","slug":"xtechxts-130","status":"publish","type":"product","link":"https:\/\/comcellstore.com\/?product=xtechxts-130","title":{"rendered":"XTECH<br>XTS-130"},"content":{"rendered":"<div id=\"__BVID__1001\" class=\"tab-pane active\" role=\"tabpanel\" data-v-65763108=\"\" aria-hidden=\"false\" aria-labelledby=\"__BVID__1001___BV_tab_button__\">\n<div class=\"prod-specs\" data-v-65763108=\"\">\n<h2>Caracter\u00edsticas:<\/h2>\n<ul>\n<li>Parlantes est\u00e9reo de tama\u00f1o compacto con conexi\u00f3n USB de 5VCC que imparten 4 watts de audio de excelente calidad<\/li>\n<li>Cable auxiliar integrado de 3,5mm para conectarlos a tus fuentes de audio favoritas<\/li>\n<li>Luces LED de colores con efecto continuado para una experiencia de audio m\u00e1s atractiva<\/li>\n<li>Perilla de control de volumen para ajustar el audio al nivel deseado<\/li>\n<li>Configuraci\u00f3n autom\u00e1tica Plug-and-Play permite conectar e instalar la unidad con toda facilidad<\/li>\n<\/ul>\n<h2>Especificaciones<\/h2>\n<p>Dispositivo<\/p>\n<ul>\n<li>Tipo: Parlantes est\u00e9reo multimedia de 2.0 canales con luces LED de colores<\/li>\n<li>M\u00e1xima potencia de salida (RMS): 4W<\/li>\n<li>Entrada de CC 5V, 1A<\/li>\n<li>Bot\u00f3n Control de volumen y Encendido\/Apagado<\/li>\n<\/ul>\n<p>Parlante<\/p>\n<ul>\n<li>Unidad del parlante: 2&#215;2,5pulgadas<\/li>\n<li>Frecuencia: 160Hz-20KHz<\/li>\n<li>Impedancia: 4\u03a9<\/li>\n<li>Sensibilidad: 700mV\u00b150mV<\/li>\n<li>Relaci\u00f3n de se\u00f1al a ruido: 36dB<\/li>\n<li>Distorsi\u00f3n arm\u00f3nica total (DAT): 10%<\/li>\n<\/ul>\n<p>Conectividad<\/p>\n<ul>\n<li>Tipo de conexi\u00f3n: 3,5mm para audio y USB para alimentaci\u00f3n<\/li>\n<\/ul>\n<p>Especificaciones<\/p>\n<ul>\n<li>Dimensiones: 7,6&#215;9,4&#215;17,5cm<\/li>\n<li>Peso: 751,2g<\/li>\n<li>Longitud del cable USB\/3,5mm: 1,3m, Cable de conexi\u00f3n entre parlante izquierdo, y derecho: 1m<\/li>\n<li>Garant\u00eda: Un a\u00f1o<\/li>\n<\/ul>\n<p>Caracter\u00edsticas destacadas<\/p>\n<ul>\n<li>Efectos de iluminaci\u00f3n: Luces LED de colores con efecto continuado<\/li>\n<\/ul>\n<\/div>\n<\/div>\n","protected":false},"excerpt":{"rendered":"<h2><span style=\"color: #33cccc;\">INCENDO | Parlantes est\u00e9reo multimedia de 2.0 canales con luces led<\/span><\/h2>\n<p>Parlantes est\u00e9reo multimedia de 2.0 canales con luces LED de tama\u00f1o compacto con conexi\u00f3n USB de 5VCC que imparten 4 watts de audio de excelente calidad, Incluye un cable auxiliar integrado de 3,5mm para conectarlos a tus fuentes de audio favoritas, la configuraci\u00f3n autom\u00e1tica plug-and-play permite conectar e instalar la unidad con toda facilidad.<\/p>\n","protected":false},"featured_media":9429,"comment_status":"closed","ping_status":"closed","template":"","meta":[],"product_brand":[124],"product_cat":[56,64,57],"product_tag":[],"class_list":{"0":"post-9426","1":"product","2":"type-product","3":"status-publish","4":"has-post-thumbnail","6":"product_brand-xtech","7":"product_cat-auriculares-mouse-teclados","8":"product_cat-auriculares-pc","9":"product_cat-auricularesteclados-mecanicos-ratones","11":"first","12":"instock","13":"sale","14":"taxable","15":"shipping-taxable","16":"purchasable","17":"product-type-simple"},"_links":{"self":[{"href":"https:\/\/comcellstore.com\/index.php?rest_route=\/wp\/v2\/product\/9426","targetHints":{"allow":["GET"]}}],"collection":[{"href":"https:\/\/comcellstore.com\/index.php?rest_route=\/wp\/v2\/product"}],"about":[{"href":"https:\/\/comcellstore.com\/index.php?rest_route=\/wp\/v2\/types\/product"}],"replies":[{"embeddable":true,"href":"https:\/\/comcellstore.com\/index.php?rest_route=%2Fwp%2Fv2%2Fcomments&post=9426"}],"version-history":[{"count":2,"href":"https:\/\/comcellstore.com\/index.php?rest_route=\/wp\/v2\/product\/9426\/revisions"}],"predecessor-version":[{"id":9939,"href":"https:\/\/comcellstore.com\/index.php?rest_route=\/wp\/v2\/product\/9426\/revisions\/9939"}],"wp:featuredmedia":[{"embeddable":true,"href":"https:\/\/comcellstore.com\/index.php?rest_route=\/wp\/v2\/media\/9429"}],"wp:attachment":[{"href":"https:\/\/comcellstore.com\/index.php?rest_route=%2Fwp%2Fv2%2Fmedia&parent=9426"}],"wp:term":[{"taxonomy":"product_brand","embeddable":true,"href":"https:\/\/comcellstore.com\/index.php?rest_route=%2Fwp%2Fv2%2Fproduct_brand&post=9426"},{"taxonomy":"product_cat","embeddable":true,"href":"https:\/\/comcellstore.com\/index.php?rest_route=%2Fwp%2Fv2%2Fproduct_cat&post=9426"},{"taxonomy":"product_tag","embeddable":true,"href":"https:\/\/comcellstore.com\/index.php?rest_route=%2Fwp%2Fv2%2Fproduct_tag&post=9426"}],"curies":[{"name":"wp","href":"https:\/\/api.w.org\/{rel}","templated":true}]}}