{"id":9929,"date":"2025-01-31T15:58:35","date_gmt":"2025-01-31T15:58:35","guid":{"rendered":"https:\/\/comcellstore.com\/?post_type=product&#038;p=9929"},"modified":"2025-05-27T21:40:11","modified_gmt":"2025-05-27T21:40:11","slug":"extensor-de-alcance-universal-n300-inalambrico-a9","status":"publish","type":"product","link":"https:\/\/comcellstore.com\/?product=extensor-de-alcance-universal-n300-inalambrico-a9","title":{"rendered":"TENDA <br>A9"},"content":{"rendered":"<ul>\n<li>Velocidad de 300 Mbps (802.11n)<\/li>\n<li>2 antenas externas de 3 dBi que fortalecen la se\u00f1al para ampliar la cobertura WiFi hasta m\u00e1s de 200 m2.<\/li>\n<li>Bot\u00f3n de extensi\u00f3n (WPS) para ampliar la cobertura WiFi f\u00e1cilmente<\/li>\n<li>LED de intensidad de se\u00f1al WiFi inteligente para localizar una ubicaci\u00f3n \u00f3ptima f\u00e1cilmente<\/li>\n<li>Compatible con los routers y DSL\/fibra WiFi que admiten el est\u00e1ndar 802. 11n de las principales marcas<\/li>\n<li>Admite ocultaci\u00f3n del SSID<\/li>\n<\/ul>\n","protected":false},"excerpt":{"rendered":"<h2><span style=\"color: #33cccc;\">Compatibilidad universal con los dispositivos<\/span><br class=\"hidden-xs\" \/><span style=\"color: #33cccc;\">inal\u00e1mbricos de todas las marcas<\/span><\/h2>\n<p>El dispositivo A9 es un extensor de alcance universal N300 inal\u00e1mbrico dise\u00f1ado especialmente para ampliar la cobertura WiFi existente y mejorar la intensidad de la se\u00f1al. Gracias a su bot\u00f3n de extensi\u00f3n, LED de se\u00f1al inteligente, dise\u00f1o de montaje en pared y compatibilidad universal, permite al usuario mejorar la conexi\u00f3n inal\u00e1mbrica. El A9 es la opci\u00f3n ideal para llevar la se\u00f1al WiFi a todos los rincones de la casa y optimizar la red.<\/p>\n","protected":false},"featured_media":9930,"comment_status":"closed","ping_status":"closed","template":"","meta":[],"product_brand":[123],"product_cat":[54,74],"product_tag":[],"class_list":{"0":"post-9929","1":"product","2":"type-product","3":"status-publish","4":"has-post-thumbnail","6":"product_brand-tenda","7":"product_cat-routers-switch-repetidor-universal-adaptadores","8":"product_cat-routers","10":"first","11":"outofstock","12":"taxable","13":"shipping-taxable","14":"purchasable","15":"product-type-simple"},"_links":{"self":[{"href":"https:\/\/comcellstore.com\/index.php?rest_route=\/wp\/v2\/product\/9929","targetHints":{"allow":["GET"]}}],"collection":[{"href":"https:\/\/comcellstore.com\/index.php?rest_route=\/wp\/v2\/product"}],"about":[{"href":"https:\/\/comcellstore.com\/index.php?rest_route=\/wp\/v2\/types\/product"}],"replies":[{"embeddable":true,"href":"https:\/\/comcellstore.com\/index.php?rest_route=%2Fwp%2Fv2%2Fcomments&post=9929"}],"version-history":[{"count":3,"href":"https:\/\/comcellstore.com\/index.php?rest_route=\/wp\/v2\/product\/9929\/revisions"}],"predecessor-version":[{"id":10012,"href":"https:\/\/comcellstore.com\/index.php?rest_route=\/wp\/v2\/product\/9929\/revisions\/10012"}],"wp:featuredmedia":[{"embeddable":true,"href":"https:\/\/comcellstore.com\/index.php?rest_route=\/wp\/v2\/media\/9930"}],"wp:attachment":[{"href":"https:\/\/comcellstore.com\/index.php?rest_route=%2Fwp%2Fv2%2Fmedia&parent=9929"}],"wp:term":[{"taxonomy":"product_brand","embeddable":true,"href":"https:\/\/comcellstore.com\/index.php?rest_route=%2Fwp%2Fv2%2Fproduct_brand&post=9929"},{"taxonomy":"product_cat","embeddable":true,"href":"https:\/\/comcellstore.com\/index.php?rest_route=%2Fwp%2Fv2%2Fproduct_cat&post=9929"},{"taxonomy":"product_tag","embeddable":true,"href":"https:\/\/comcellstore.com\/index.php?rest_route=%2Fwp%2Fv2%2Fproduct_tag&post=9929"}],"curies":[{"name":"wp","href":"https:\/\/api.w.org\/{rel}","templated":true}]}}