{"id":9942,"date":"2025-01-31T21:03:57","date_gmt":"2025-01-31T21:03:57","guid":{"rendered":"https:\/\/comcellstore.com\/?post_type=product&#038;p=9942"},"modified":"2025-02-26T20:03:22","modified_gmt":"2025-02-26T20:03:22","slug":"ac1200-dual-band-router-ac8","status":"publish","type":"product","link":"https:\/\/comcellstore.com\/?product=ac1200-dual-band-router-ac8","title":{"rendered":"TENDA <br> AC8"},"content":{"rendered":"<ul>\n<li class=\"prc2 col-two-one\">Interfaces : 1*10\/100\/1000Mbps WAN port,\u00a02*10\/100\/1000Mbps LAN ports<\/li>\n<li class=\"prc2 col-two-one\">Antena : 4 antenas externas de doble banda de 6dbi<\/li>\n<li class=\"prc2 col-two-one\">Bot\u00f3n : 1*WPS \/ Bot\u00f3n de reinicio<\/li>\n<li class=\"prc2 col-two-one\">Entrada : CA 100-240 V\u201450\/60 Hz y Salida: CC 12 V 1 A.<\/li>\n<li class=\"prc2 col-two-one\">Dimensi\u00f3n : 200x127x33.6mm(L*W*H)<\/li>\n<li class=\"prc2 col-two-one\">Led Indicador : 1*LED<\/li>\n<li class=\"prc2 col-two-one\">Wireless : IEEE 802.11ac\/a\/n @5GHz<br \/>\nIEEE 802.11b\/g\/n @2.4GHz<\/li>\n<li class=\"prc2 col-two-one\">Velocidad de datos : 5GHz: 867Mbps<br \/>\n2.4GHz: 300Mbps<\/li>\n<\/ul>\n","protected":false},"excerpt":{"rendered":"<h2><span style=\"color: #33cccc;\">Router Doble Banda<\/span><\/h2>\n<p>En comparaci\u00f3n con los routers de banda \u00fanica de 2,4 GHz, el router de doble banda AC8 cuenta con una velocidad combinada de hasta 1200 Mbps, y la banda de 5 GHz alcanza unos notables 867 Mbps, \u00a1lo que lo hace un 65 % m\u00e1s r\u00e1pido que los routers tradicionales de 300 M!<\/p>\n<p>Con un procesador de 1 GHz de alto rendimiento, este dispositivo permite una latencia m\u00e1s baja y una transmisi\u00f3n de datos eficiente para la conectividad de red.\u00a0Utiliza la \u00faltima tecnolog\u00eda MU-MIMO para garantizar conexiones estables para m\u00faltiples dispositivos.\u00a0Puede admitir hasta 30 dispositivos simult\u00e1neamente, lo que lo hace perfecto para acceder a Internet sin preocupaciones durante reuniones familiares, sin preocupaciones por retrasos o se\u00f1ales d\u00e9biles.<\/p>\n","protected":false},"featured_media":9943,"comment_status":"closed","ping_status":"closed","template":"","meta":[],"product_brand":[123],"product_cat":[54,74],"product_tag":[],"class_list":{"0":"post-9942","1":"product","2":"type-product","3":"status-publish","4":"has-post-thumbnail","6":"product_brand-tenda","7":"product_cat-routers-switch-repetidor-universal-adaptadores","8":"product_cat-routers","10":"first","11":"outofstock","12":"taxable","13":"shipping-taxable","14":"purchasable","15":"product-type-simple"},"_links":{"self":[{"href":"https:\/\/comcellstore.com\/index.php?rest_route=\/wp\/v2\/product\/9942","targetHints":{"allow":["GET"]}}],"collection":[{"href":"https:\/\/comcellstore.com\/index.php?rest_route=\/wp\/v2\/product"}],"about":[{"href":"https:\/\/comcellstore.com\/index.php?rest_route=\/wp\/v2\/types\/product"}],"replies":[{"embeddable":true,"href":"https:\/\/comcellstore.com\/index.php?rest_route=%2Fwp%2Fv2%2Fcomments&post=9942"}],"version-history":[{"count":3,"href":"https:\/\/comcellstore.com\/index.php?rest_route=\/wp\/v2\/product\/9942\/revisions"}],"predecessor-version":[{"id":9946,"href":"https:\/\/comcellstore.com\/index.php?rest_route=\/wp\/v2\/product\/9942\/revisions\/9946"}],"wp:featuredmedia":[{"embeddable":true,"href":"https:\/\/comcellstore.com\/index.php?rest_route=\/wp\/v2\/media\/9943"}],"wp:attachment":[{"href":"https:\/\/comcellstore.com\/index.php?rest_route=%2Fwp%2Fv2%2Fmedia&parent=9942"}],"wp:term":[{"taxonomy":"product_brand","embeddable":true,"href":"https:\/\/comcellstore.com\/index.php?rest_route=%2Fwp%2Fv2%2Fproduct_brand&post=9942"},{"taxonomy":"product_cat","embeddable":true,"href":"https:\/\/comcellstore.com\/index.php?rest_route=%2Fwp%2Fv2%2Fproduct_cat&post=9942"},{"taxonomy":"product_tag","embeddable":true,"href":"https:\/\/comcellstore.com\/index.php?rest_route=%2Fwp%2Fv2%2Fproduct_tag&post=9942"}],"curies":[{"name":"wp","href":"https:\/\/api.w.org\/{rel}","templated":true}]}}