{"id":9954,"date":"2025-02-03T19:26:56","date_gmt":"2025-02-03T19:26:56","guid":{"rendered":"https:\/\/comcellstore.com\/?post_type=product&#038;p=9954"},"modified":"2025-05-27T21:40:46","modified_gmt":"2025-05-27T21:40:46","slug":"router-inalambrico-de-300-mbps-f3","status":"publish","type":"product","link":"https:\/\/comcellstore.com\/?product=router-inalambrico-de-300-mbps-f3","title":{"rendered":"TENDA <br> F3"},"content":{"rendered":"<ul>\n<li>Velocidad inal\u00e1mbrica de hasta 300 Mbps, ideal para reproducir m\u00fasica, cargar fotos, videollamadas, transmisi\u00f3n de v\u00eddeo de alta definici\u00f3n y otras tareas que hacen un uso intensivo del ancho de banda.<\/li>\n<li>3 antenas externas de 5 dBi que expanden la se\u00f1al WiFi a todos los rincones de la casa. Podr\u00e1 disfrutar de cobertura WiFi en todo el hogar y un rendimiento WiFi estable.<\/li>\n<li>Compatibilidad con los cifrados de seguridad WPA, WPA2, WPA-PSK\/WPA2-PSK para mejorar el nivel de seguridad.<\/li>\n<li>Control de ancho de banda basado en IP que permite a los administradores determinar qu\u00e9 cantidad de ancho de banda se asigna a cada ordenador.<\/li>\n<li>Sencillo proceso de configuraci\u00f3n que le permitir\u00e1 acceder a Internet sin ning\u00fan esfuerzo.<\/li>\n<li>\n<div class=\"prc2 col-two-one\">Interfaces<\/div>\n<div class=\"prc2 col-two-two\">1 puerto WAN de 10\/100 Mbps<br \/>\n3 puertos LAN de 10\/100 Mbps<\/div>\n<\/li>\n<li>Frecuencia 2,4 GHz<\/li>\n<\/ul>\n","protected":false},"excerpt":{"rendered":"<h2><span style=\"color: #33cccc;\">Router Inal\u00e1mbrico de 300 Mbps<\/span><\/h2>\n<p>El modelo F3 est\u00e1 dise\u00f1ado especialmente para cubrir las necesidades de los hogares inteligentes. El chip Broadcom garantiza un rendimiento inal\u00e1mbrico estable y r\u00e1pido, lo cual hace que sea ideal para tareas que hacen un uso intensivo del ancho de banda. La sencillez del proceso de configuraci\u00f3n le permitir\u00e1 disfrutar de conexi\u00f3n WiFi sin ning\u00fan esfuerzo. No importa que sea un experto en tecnolog\u00eda o un usuario novel, la configuraci\u00f3n del F3 es f\u00e1cil e intuitiva y no requiere realizar operaciones que consumen mucho tiempo. El F3 le permitir\u00e1 disfrutar de una experiencia de usuario libre de preocupaciones.<\/p>\n","protected":false},"featured_media":9955,"comment_status":"closed","ping_status":"closed","template":"","meta":[],"product_brand":[123],"product_cat":[54,74],"product_tag":[],"class_list":{"0":"post-9954","1":"product","2":"type-product","3":"status-publish","4":"has-post-thumbnail","6":"product_brand-tenda","7":"product_cat-routers-switch-repetidor-universal-adaptadores","8":"product_cat-routers","10":"first","11":"onbackorder","12":"taxable","13":"shipping-taxable","14":"purchasable","15":"product-type-simple"},"_links":{"self":[{"href":"https:\/\/comcellstore.com\/index.php?rest_route=\/wp\/v2\/product\/9954","targetHints":{"allow":["GET"]}}],"collection":[{"href":"https:\/\/comcellstore.com\/index.php?rest_route=\/wp\/v2\/product"}],"about":[{"href":"https:\/\/comcellstore.com\/index.php?rest_route=\/wp\/v2\/types\/product"}],"replies":[{"embeddable":true,"href":"https:\/\/comcellstore.com\/index.php?rest_route=%2Fwp%2Fv2%2Fcomments&post=9954"}],"version-history":[{"count":3,"href":"https:\/\/comcellstore.com\/index.php?rest_route=\/wp\/v2\/product\/9954\/revisions"}],"predecessor-version":[{"id":10009,"href":"https:\/\/comcellstore.com\/index.php?rest_route=\/wp\/v2\/product\/9954\/revisions\/10009"}],"wp:featuredmedia":[{"embeddable":true,"href":"https:\/\/comcellstore.com\/index.php?rest_route=\/wp\/v2\/media\/9955"}],"wp:attachment":[{"href":"https:\/\/comcellstore.com\/index.php?rest_route=%2Fwp%2Fv2%2Fmedia&parent=9954"}],"wp:term":[{"taxonomy":"product_brand","embeddable":true,"href":"https:\/\/comcellstore.com\/index.php?rest_route=%2Fwp%2Fv2%2Fproduct_brand&post=9954"},{"taxonomy":"product_cat","embeddable":true,"href":"https:\/\/comcellstore.com\/index.php?rest_route=%2Fwp%2Fv2%2Fproduct_cat&post=9954"},{"taxonomy":"product_tag","embeddable":true,"href":"https:\/\/comcellstore.com\/index.php?rest_route=%2Fwp%2Fv2%2Fproduct_tag&post=9954"}],"curies":[{"name":"wp","href":"https:\/\/api.w.org\/{rel}","templated":true}]}}