{"id":9965,"date":"2025-02-03T20:51:44","date_gmt":"2025-02-03T20:51:44","guid":{"rendered":"https:\/\/comcellstore.com\/?post_type=product&#038;p=9965"},"modified":"2025-05-27T21:41:55","modified_gmt":"2025-05-27T21:41:55","slug":"router-mesh-wi-fi-6-ax3000-ex12-3-pack","status":"publish","type":"product","link":"https:\/\/comcellstore.com\/?product=router-mesh-wi-fi-6-ax3000-ex12-3-pack","title":{"rendered":"TENDA <br>EX12 (3-Pack)"},"content":{"rendered":"<ul>\n<li class=\"prc2 col-two-one\">Interfaz ethernet : 3 x 10\/100\/1000Mbps RJ45 puertos por nodo<\/li>\n<li>\n<div class=\"prc2 col-two-one\">Antena : 4 x 3dBi internas<\/div>\n<\/li>\n<li>\n<div class=\"prc2 col-two-one\">Bot\u00f3n : 1 x Reset, 1 x MESH<\/div>\n<\/li>\n<li>\n<div class=\"prc2 col-two-one\">Indicador LED : 1 x Tri-color LED Indicador (Verde, amarillo, Rojo)<\/div>\n<\/li>\n<li>\n<div class=\"prc2 col-two-one\">Velocidad<\/div>\n<div class=\"prc2 col-two-two\">2.4GHz: 574Mbps (802.11ax)<br \/>\n5GHz: 2402Mbps (802.11ax)<\/div>\n<\/li>\n<li>\n<div class=\"prc2 col-two-one\">Seguridad inal\u00e1mbrica : WPA3-SAE\/WPA2-PSK<\/div>\n<\/li>\n<\/ul>\n","protected":false},"excerpt":{"rendered":"<h2 class=\"tw-data-text tw-text-large tw-ta\" dir=\"ltr\" data-placeholder=\"Traducci\u00f3n\" data-ved=\"2ahUKEwjL853q76eLAxVcqpUCHQRsI28Q3ewLegQIBxAV\" aria-label=\"Texto traducido: Sistema Wi-Fi 6 en malla para todo el hogar ax3000\"><span class=\"Y2IQFc\" lang=\"es\"><span style=\"color: #33cccc;\">Sistema Wi-Fi 6 en malla para todo el hogar AX3000<\/span><br \/>\n<\/span><\/h2>\n<p>Equipado con tecnolog\u00eda WiFi 6 de pr\u00f3xima generaci\u00f3n y un procesador de alto rendimiento Broadcom Quad-Core de 1,7 GHz, la velocidad simult\u00e1nea de doble banda EX12 es de hasta 300 Mbps para que pueda disfrutar de una red r\u00e1pida en todo momento. Siente el verdadero poder del WiFi 6, admite un ancho de banda ultra grande<span class=\"Y2IQFc\" lang=\"es\"> de 160 MHz y \u00faselo con tel\u00e9fonos m\u00f3viles que admitan un ancho de banda de 160 MHz, lo que permite que las se\u00f1ales entren y salgan libremente en una pista m\u00e1s amplia, la velocidad de la banda de frecuencia de la se\u00f1al 5G es de hasta 2402 Mbps y la experiencia de Internet es m\u00e1s divertida. Con 4 amplificadores independientes y tecnolog\u00eda de formaci\u00f3n de haces, EX12 proporciona una penetraci\u00f3n de se\u00f1al mas fuerte y estable. Es capaz de atravesar tres paredes con un nodo y ampliar la cobertura WiFi de toda la casa hasta 7000 pies cuadrados desde la puerta de entrada hasta el patio trasero de tres nodos.<\/span><\/p>\n","protected":false},"featured_media":9967,"comment_status":"closed","ping_status":"closed","template":"","meta":[],"product_brand":[123],"product_cat":[54,74],"product_tag":[],"class_list":{"0":"post-9965","1":"product","2":"type-product","3":"status-publish","4":"has-post-thumbnail","6":"product_brand-tenda","7":"product_cat-routers-switch-repetidor-universal-adaptadores","8":"product_cat-routers","10":"first","11":"instock","12":"taxable","13":"shipping-taxable","14":"purchasable","15":"product-type-simple"},"_links":{"self":[{"href":"https:\/\/comcellstore.com\/index.php?rest_route=\/wp\/v2\/product\/9965","targetHints":{"allow":["GET"]}}],"collection":[{"href":"https:\/\/comcellstore.com\/index.php?rest_route=\/wp\/v2\/product"}],"about":[{"href":"https:\/\/comcellstore.com\/index.php?rest_route=\/wp\/v2\/types\/product"}],"replies":[{"embeddable":true,"href":"https:\/\/comcellstore.com\/index.php?rest_route=%2Fwp%2Fv2%2Fcomments&post=9965"}],"version-history":[{"count":2,"href":"https:\/\/comcellstore.com\/index.php?rest_route=\/wp\/v2\/product\/9965\/revisions"}],"predecessor-version":[{"id":10007,"href":"https:\/\/comcellstore.com\/index.php?rest_route=\/wp\/v2\/product\/9965\/revisions\/10007"}],"wp:featuredmedia":[{"embeddable":true,"href":"https:\/\/comcellstore.com\/index.php?rest_route=\/wp\/v2\/media\/9967"}],"wp:attachment":[{"href":"https:\/\/comcellstore.com\/index.php?rest_route=%2Fwp%2Fv2%2Fmedia&parent=9965"}],"wp:term":[{"taxonomy":"product_brand","embeddable":true,"href":"https:\/\/comcellstore.com\/index.php?rest_route=%2Fwp%2Fv2%2Fproduct_brand&post=9965"},{"taxonomy":"product_cat","embeddable":true,"href":"https:\/\/comcellstore.com\/index.php?rest_route=%2Fwp%2Fv2%2Fproduct_cat&post=9965"},{"taxonomy":"product_tag","embeddable":true,"href":"https:\/\/comcellstore.com\/index.php?rest_route=%2Fwp%2Fv2%2Fproduct_tag&post=9965"}],"curies":[{"name":"wp","href":"https:\/\/api.w.org\/{rel}","templated":true}]}}