{"id":9976,"date":"2025-02-05T14:14:01","date_gmt":"2025-02-05T14:14:01","guid":{"rendered":"https:\/\/comcellstore.com\/?post_type=product&#038;p=9976"},"modified":"2025-05-27T21:03:00","modified_gmt":"2025-05-27T21:03:00","slug":"estacion-de-carga-xta-195","status":"publish","type":"product","link":"https:\/\/comcellstore.com\/?product=estacion-de-carga-xta-195","title":{"rendered":"XTECH <br>XTA-195"},"content":{"rendered":"<ul>\n<li>Tipo : Estaci\u00f3n con 4 puertos USB para carga<\/li>\n<li>Puertos USB : 4<\/li>\n<li>Total de watts :\u00a030W<\/li>\n<li>Conector de salida :\u00a0USB-A 3.0<\/li>\n<li>Longitud del cable : 1,5m<\/li>\n<li>Voltaje (AC): 100V-240V<\/li>\n<li>Amperaje total: 6A<\/li>\n<li>Conector de entrada : NEMA 1-15P Tipo A<\/li>\n<\/ul>\n","protected":false},"excerpt":{"rendered":"<h2><span style=\"color: #33cccc;\">Estaci\u00f3n con 4 puertos USB para carga<\/span><\/h2>\n<p>Carga simult\u00e1neamente 4 dispositivos compatibles con la norma de carga USB. Base de goma antideslizante que mantiene sus dispositivos seguros y estables en todo momento. Soluci\u00f3n pr\u00e1ctica y port\u00e1til para uso en la oficina y en el hogar.<\/p>\n","protected":false},"featured_media":9977,"comment_status":"closed","ping_status":"closed","template":"","meta":[],"product_brand":[124],"product_cat":[49,60],"product_tag":[],"class_list":{"0":"post-9976","1":"product","2":"type-product","3":"status-publish","4":"has-post-thumbnail","6":"product_brand-xtech","7":"product_cat-accesorios-moviles","8":"product_cat-cargadores","10":"first","11":"instock","12":"taxable","13":"shipping-taxable","14":"purchasable","15":"product-type-simple"},"_links":{"self":[{"href":"https:\/\/comcellstore.com\/index.php?rest_route=\/wp\/v2\/product\/9976","targetHints":{"allow":["GET"]}}],"collection":[{"href":"https:\/\/comcellstore.com\/index.php?rest_route=\/wp\/v2\/product"}],"about":[{"href":"https:\/\/comcellstore.com\/index.php?rest_route=\/wp\/v2\/types\/product"}],"replies":[{"embeddable":true,"href":"https:\/\/comcellstore.com\/index.php?rest_route=%2Fwp%2Fv2%2Fcomments&post=9976"}],"version-history":[{"count":3,"href":"https:\/\/comcellstore.com\/index.php?rest_route=\/wp\/v2\/product\/9976\/revisions"}],"predecessor-version":[{"id":10005,"href":"https:\/\/comcellstore.com\/index.php?rest_route=\/wp\/v2\/product\/9976\/revisions\/10005"}],"wp:featuredmedia":[{"embeddable":true,"href":"https:\/\/comcellstore.com\/index.php?rest_route=\/wp\/v2\/media\/9977"}],"wp:attachment":[{"href":"https:\/\/comcellstore.com\/index.php?rest_route=%2Fwp%2Fv2%2Fmedia&parent=9976"}],"wp:term":[{"taxonomy":"product_brand","embeddable":true,"href":"https:\/\/comcellstore.com\/index.php?rest_route=%2Fwp%2Fv2%2Fproduct_brand&post=9976"},{"taxonomy":"product_cat","embeddable":true,"href":"https:\/\/comcellstore.com\/index.php?rest_route=%2Fwp%2Fv2%2Fproduct_cat&post=9976"},{"taxonomy":"product_tag","embeddable":true,"href":"https:\/\/comcellstore.com\/index.php?rest_route=%2Fwp%2Fv2%2Fproduct_tag&post=9976"}],"curies":[{"name":"wp","href":"https:\/\/api.w.org\/{rel}","templated":true}]}}